{"id":4010,"date":"2023-07-27T15:33:40","date_gmt":"2023-07-27T13:33:40","guid":{"rendered":"http:\/\/aucoeurdemanature.com\/?post_type=tribe_events&#038;p=4010"},"modified":"2023-07-28T14:00:55","modified_gmt":"2023-07-28T12:00:55","slug":"atelier-collectif-initiation-massage-bebe-2","status":"publish","type":"tribe_events","link":"http:\/\/aucoeurdemanature.com\/?tribe_events=atelier-collectif-initiation-massage-bebe-2","title":{"rendered":"Atelier collectif : initiation massage b\u00e9b\u00e9"},"content":{"rendered":"<div class=\"x11i5rnm xat24cr x1mh8g0r x1vvkbs xtlvy1s\">Atelier d\u2019initiation aux massages pour les b\u00e9b\u00e9s de 0 \u00e0 18 mois. Cet atelier permet d\u00e9couvrir les massages pour b\u00e9b\u00e9.<\/div>\n<div class=\"x11i5rnm xat24cr x1mh8g0r x1vvkbs xtlvy1s\">Les bienfaits des massages b\u00e9b\u00e9<br \/>\nLes conditions de massage et l\u2019environnement<br \/>\nLes mouvements de massage des jambes et pieds<br \/>\nTarif : 30\u20ac par famille<br \/>\nInscription\u00a0<a class=\"x1i10hfl xjbqb8w x6umtig x1b1mbwd xaqea5y xav7gou x9f619 x1ypdohk xt0psk2 xe8uvvx xdj266r x11i5rnm xat24cr x1mh8g0r xexx8yu x4uap5 x18d9i69 xkhd6sd x16tdsg8 x1hl2dhg xggy1nq x1a2a7pz xt0b8zv x1fey0fg\" tabindex=\"0\" role=\"link\" href=\"https:\/\/calendly.com\/sandrinetonnellier\/initiation-massage-bebe-collectif?fbclid=IwAR2QOEEHgLioNHPmRagZKKLXTKOMEksxKwbish5vW-EZZUrdCxewNrOYq6Y\" target=\"_blank\" rel=\"nofollow noopener noreferrer\">https:\/\/calendly.com\/&#8230;\/initiation-massage-bebe-collectif<\/a><\/div>\n","protected":false},"excerpt":{"rendered":"<p>Atelier d\u2019initiation aux massages pour les b\u00e9b\u00e9s de 0 \u00e0 18 mois. Cet atelier permet d\u00e9couvrir les massages pour b\u00e9b\u00e9. Les bienfaits des massages b\u00e9b\u00e9 Les conditions de massage et l\u2019environnement Les mouvements de massage des jambes et pieds Tarif : 30\u20ac par famille Inscription\u00a0https:\/\/calendly.com\/&#8230;\/initiation-massage-bebe-collectif<\/p>\n","protected":false},"author":1,"featured_media":0,"template":"","meta":{"_tribe_events_status":"","_tribe_events_status_reason":"","footnotes":""},"tags":[],"tribe_events_cat":[],"class_list":["post-4010","tribe_events","type-tribe_events","status-publish","hentry"],"yoast_head":"<!-- This site is optimized with the Yoast SEO plugin v27.2 - https:\/\/yoast.com\/product\/yoast-seo-wordpress\/ -->\n<title>Atelier collectif : initiation massage b\u00e9b\u00e9 - Au coeur de ma nature<\/title>\n<meta name=\"description\" content=\"D\u00e9couvrir les bienfaits des massages pour b\u00e9b\u00e9, mettre une routine en place afin de b\u00e9n\u00e9ficier de l&#039;ensemble des bienfaits.\" \/>\n<meta name=\"robots\" content=\"index, follow, max-snippet:-1, max-image-preview:large, max-video-preview:-1\" \/>\n<link rel=\"canonical\" href=\"https:\/\/aucoeurdemanature.com\/?tribe_events=atelier-collectif-initiation-massage-bebe-2\" \/>\n<meta property=\"og:locale\" content=\"fr_FR\" \/>\n<meta property=\"og:type\" content=\"article\" \/>\n<meta property=\"og:title\" content=\"Atelier collectif : initiation massage b\u00e9b\u00e9 - Au coeur de ma nature\" \/>\n<meta property=\"og:description\" content=\"D\u00e9couvrir les bienfaits des massages pour b\u00e9b\u00e9, mettre une routine en place afin de b\u00e9n\u00e9ficier de l&#039;ensemble des bienfaits.\" \/>\n<meta property=\"og:url\" content=\"https:\/\/aucoeurdemanature.com\/?tribe_events=atelier-collectif-initiation-massage-bebe-2\" \/>\n<meta property=\"og:site_name\" content=\"Au coeur de ma nature\" \/>\n<meta property=\"article:publisher\" content=\"https:\/\/www.facebook.com\/Aucoeurdemanature\" \/>\n<meta property=\"article:modified_time\" content=\"2023-07-28T12:00:55+00:00\" \/>\n<meta name=\"twitter:card\" content=\"summary_large_image\" \/>\n<meta name=\"twitter:label1\" content=\"Dur\u00e9e de lecture estim\u00e9e\" \/>\n\t<meta name=\"twitter:data1\" content=\"1 minute\" \/>\n<script type=\"application\/ld+json\" class=\"yoast-schema-graph\">{\"@context\":\"https:\/\/schema.org\",\"@graph\":[{\"@type\":\"WebPage\",\"@id\":\"https:\/\/aucoeurdemanature.com\/?tribe_events=atelier-collectif-initiation-massage-bebe-2\",\"url\":\"https:\/\/aucoeurdemanature.com\/?tribe_events=atelier-collectif-initiation-massage-bebe-2\",\"name\":\"Atelier collectif : initiation massage b\u00e9b\u00e9 - Au coeur de ma nature\",\"isPartOf\":{\"@id\":\"http:\/\/aucoeurdemanature.com\/#website\"},\"datePublished\":\"2023-07-27T13:33:40+00:00\",\"dateModified\":\"2023-07-28T12:00:55+00:00\",\"description\":\"D\u00e9couvrir les bienfaits des massages pour b\u00e9b\u00e9, mettre une routine en place afin de b\u00e9n\u00e9ficier de l'ensemble des bienfaits.\",\"breadcrumb\":{\"@id\":\"https:\/\/aucoeurdemanature.com\/?tribe_events=atelier-collectif-initiation-massage-bebe-2#breadcrumb\"},\"inLanguage\":\"fr-FR\",\"potentialAction\":[{\"@type\":\"ReadAction\",\"target\":[\"https:\/\/aucoeurdemanature.com\/?tribe_events=atelier-collectif-initiation-massage-bebe-2\"]}]},{\"@type\":\"BreadcrumbList\",\"@id\":\"https:\/\/aucoeurdemanature.com\/?tribe_events=atelier-collectif-initiation-massage-bebe-2#breadcrumb\",\"itemListElement\":[{\"@type\":\"ListItem\",\"position\":1,\"name\":\"Accueil\",\"item\":\"http:\/\/aucoeurdemanature.com\/\"},{\"@type\":\"ListItem\",\"position\":2,\"name\":\"\u00c9v\u00e8nements\",\"item\":\"http:\/\/aucoeurdemanature.com\/?post_type=tribe_events\"},{\"@type\":\"ListItem\",\"position\":3,\"name\":\"Atelier collectif : initiation massage b\u00e9b\u00e9\"}]},{\"@type\":\"WebSite\",\"@id\":\"http:\/\/aucoeurdemanature.com\/#website\",\"url\":\"http:\/\/aucoeurdemanature.com\/\",\"name\":\"Au coeur de ma nature\",\"description\":\"Au coeur de ma nature - Psychologue en p\u00e9rinatalit\u00e9, atelier parentalit\u00e9, et soins  - Yonne 89\",\"publisher\":{\"@id\":\"http:\/\/aucoeurdemanature.com\/#organization\"},\"potentialAction\":[{\"@type\":\"SearchAction\",\"target\":{\"@type\":\"EntryPoint\",\"urlTemplate\":\"http:\/\/aucoeurdemanature.com\/?s={search_term_string}\"},\"query-input\":{\"@type\":\"PropertyValueSpecification\",\"valueRequired\":true,\"valueName\":\"search_term_string\"}}],\"inLanguage\":\"fr-FR\"},{\"@type\":\"Organization\",\"@id\":\"http:\/\/aucoeurdemanature.com\/#organization\",\"name\":\"Au coeur de ma nature\",\"url\":\"http:\/\/aucoeurdemanature.com\/\",\"logo\":{\"@type\":\"ImageObject\",\"inLanguage\":\"fr-FR\",\"@id\":\"http:\/\/aucoeurdemanature.com\/#\/schema\/logo\/image\/\",\"url\":\"http:\/\/aucoeurdemanature.com\/wp-content\/uploads\/2019\/09\/Image-1-770x1024.jpg\",\"contentUrl\":\"http:\/\/aucoeurdemanature.com\/wp-content\/uploads\/2019\/09\/Image-1-770x1024.jpg\",\"width\":770,\"height\":1024,\"caption\":\"Au coeur de ma nature\"},\"image\":{\"@id\":\"http:\/\/aucoeurdemanature.com\/#\/schema\/logo\/image\/\"},\"sameAs\":[\"https:\/\/www.facebook.com\/Aucoeurdemanature\",\"https:\/\/www.instagram.com\/aucoeurdemanature\/?hl=fr\"]}]}<\/script>\n<!-- \/ Yoast SEO plugin. -->","yoast_head_json":{"title":"Atelier collectif : initiation massage b\u00e9b\u00e9 - Au coeur de ma nature","description":"D\u00e9couvrir les bienfaits des massages pour b\u00e9b\u00e9, mettre une routine en place afin de b\u00e9n\u00e9ficier de l'ensemble des bienfaits.","robots":{"index":"index","follow":"follow","max-snippet":"max-snippet:-1","max-image-preview":"max-image-preview:large","max-video-preview":"max-video-preview:-1"},"canonical":"https:\/\/aucoeurdemanature.com\/?tribe_events=atelier-collectif-initiation-massage-bebe-2","og_locale":"fr_FR","og_type":"article","og_title":"Atelier collectif : initiation massage b\u00e9b\u00e9 - Au coeur de ma nature","og_description":"D\u00e9couvrir les bienfaits des massages pour b\u00e9b\u00e9, mettre une routine en place afin de b\u00e9n\u00e9ficier de l'ensemble des bienfaits.","og_url":"https:\/\/aucoeurdemanature.com\/?tribe_events=atelier-collectif-initiation-massage-bebe-2","og_site_name":"Au coeur de ma nature","article_publisher":"https:\/\/www.facebook.com\/Aucoeurdemanature","article_modified_time":"2023-07-28T12:00:55+00:00","twitter_card":"summary_large_image","twitter_misc":{"Dur\u00e9e de lecture estim\u00e9e":"1 minute"},"schema":{"@context":"https:\/\/schema.org","@graph":[{"@type":"WebPage","@id":"https:\/\/aucoeurdemanature.com\/?tribe_events=atelier-collectif-initiation-massage-bebe-2","url":"https:\/\/aucoeurdemanature.com\/?tribe_events=atelier-collectif-initiation-massage-bebe-2","name":"Atelier collectif : initiation massage b\u00e9b\u00e9 - Au coeur de ma nature","isPartOf":{"@id":"http:\/\/aucoeurdemanature.com\/#website"},"datePublished":"2023-07-27T13:33:40+00:00","dateModified":"2023-07-28T12:00:55+00:00","description":"D\u00e9couvrir les bienfaits des massages pour b\u00e9b\u00e9, mettre une routine en place afin de b\u00e9n\u00e9ficier de l'ensemble des bienfaits.","breadcrumb":{"@id":"https:\/\/aucoeurdemanature.com\/?tribe_events=atelier-collectif-initiation-massage-bebe-2#breadcrumb"},"inLanguage":"fr-FR","potentialAction":[{"@type":"ReadAction","target":["https:\/\/aucoeurdemanature.com\/?tribe_events=atelier-collectif-initiation-massage-bebe-2"]}]},{"@type":"BreadcrumbList","@id":"https:\/\/aucoeurdemanature.com\/?tribe_events=atelier-collectif-initiation-massage-bebe-2#breadcrumb","itemListElement":[{"@type":"ListItem","position":1,"name":"Accueil","item":"http:\/\/aucoeurdemanature.com\/"},{"@type":"ListItem","position":2,"name":"\u00c9v\u00e8nements","item":"http:\/\/aucoeurdemanature.com\/?post_type=tribe_events"},{"@type":"ListItem","position":3,"name":"Atelier collectif : initiation massage b\u00e9b\u00e9"}]},{"@type":"WebSite","@id":"http:\/\/aucoeurdemanature.com\/#website","url":"http:\/\/aucoeurdemanature.com\/","name":"Au coeur de ma nature","description":"Au coeur de ma nature - Psychologue en p\u00e9rinatalit\u00e9, atelier parentalit\u00e9, et soins  - Yonne 89","publisher":{"@id":"http:\/\/aucoeurdemanature.com\/#organization"},"potentialAction":[{"@type":"SearchAction","target":{"@type":"EntryPoint","urlTemplate":"http:\/\/aucoeurdemanature.com\/?s={search_term_string}"},"query-input":{"@type":"PropertyValueSpecification","valueRequired":true,"valueName":"search_term_string"}}],"inLanguage":"fr-FR"},{"@type":"Organization","@id":"http:\/\/aucoeurdemanature.com\/#organization","name":"Au coeur de ma nature","url":"http:\/\/aucoeurdemanature.com\/","logo":{"@type":"ImageObject","inLanguage":"fr-FR","@id":"http:\/\/aucoeurdemanature.com\/#\/schema\/logo\/image\/","url":"http:\/\/aucoeurdemanature.com\/wp-content\/uploads\/2019\/09\/Image-1-770x1024.jpg","contentUrl":"http:\/\/aucoeurdemanature.com\/wp-content\/uploads\/2019\/09\/Image-1-770x1024.jpg","width":770,"height":1024,"caption":"Au coeur de ma nature"},"image":{"@id":"http:\/\/aucoeurdemanature.com\/#\/schema\/logo\/image\/"},"sameAs":["https:\/\/www.facebook.com\/Aucoeurdemanature","https:\/\/www.instagram.com\/aucoeurdemanature\/?hl=fr"]}]}},"_links":{"self":[{"href":"http:\/\/aucoeurdemanature.com\/index.php?rest_route=\/wp\/v2\/tribe_events\/4010","targetHints":{"allow":["GET"]}}],"collection":[{"href":"http:\/\/aucoeurdemanature.com\/index.php?rest_route=\/wp\/v2\/tribe_events"}],"about":[{"href":"http:\/\/aucoeurdemanature.com\/index.php?rest_route=\/wp\/v2\/types\/tribe_events"}],"author":[{"embeddable":true,"href":"http:\/\/aucoeurdemanature.com\/index.php?rest_route=\/wp\/v2\/users\/1"}],"version-history":[{"count":3,"href":"http:\/\/aucoeurdemanature.com\/index.php?rest_route=\/wp\/v2\/tribe_events\/4010\/revisions"}],"predecessor-version":[{"id":4031,"href":"http:\/\/aucoeurdemanature.com\/index.php?rest_route=\/wp\/v2\/tribe_events\/4010\/revisions\/4031"}],"wp:attachment":[{"href":"http:\/\/aucoeurdemanature.com\/index.php?rest_route=%2Fwp%2Fv2%2Fmedia&parent=4010"}],"wp:term":[{"taxonomy":"post_tag","embeddable":true,"href":"http:\/\/aucoeurdemanature.com\/index.php?rest_route=%2Fwp%2Fv2%2Ftags&post=4010"},{"taxonomy":"tribe_events_cat","embeddable":true,"href":"http:\/\/aucoeurdemanature.com\/index.php?rest_route=%2Fwp%2Fv2%2Ftribe_events_cat&post=4010"}],"curies":[{"name":"wp","href":"https:\/\/api.w.org\/{rel}","templated":true}]}}

Atelier collectif : initiation massage bébé

<div class="x11i5rnm xat24cr x1mh8g0r x1vvkbs xtlvy1s">Atelier d’initiation aux massages pour les bébés de 0 à 18 mois. Cet atelier permet découvrir les massages pour bébé.</div>
<div class="x11i5rnm xat24cr x1mh8g0r x1vvkbs xtlvy1s">Les bienfaits des massages bébé<br />
Les conditions de massage et l’environnement<br />
Les mouvements de massage des jambes et pieds<br />
Tarif : 30€ par famille<br />
Inscription <a class="x1i10hfl xjbqb8w x6umtig x1b1mbwd xaqea5y xav7gou x9f619 x1ypdohk xt0psk2 xe8uvvx xdj266r x11i5rnm xat24cr x1mh8g0r xexx8yu x4uap5 x18d9i69 xkhd6sd x16tdsg8 x1hl2dhg xggy1nq x1a2a7pz xt0b8zv x1fey0fg" tabindex="0" role="link" href="https://calendly.com/sandrinetonnellier/initiation-massage-bebe-collectif?fbclid=IwAR2QOEEHgLioNHPmRagZKKLXTKOMEksxKwbish5vW-EZZUrdCxewNrOYq6Y" target="_blank" rel="nofollow noopener noreferrer">https://calendly.com/&#8230;/initiation-massage-bebe-collectif</a></div>

<p>Atelier d’initiation aux massages pour les bébés de 0 à 18 mois. Cet atelier permet découvrir les massages pour bébé. Les bienfaits des massages bébé Les conditions de massage et l’environnement Les mouvements de massage des jambes et pieds Tarif : 30€ par famille Inscription https://calendly.com/&#8230;/initiation-massage-bebe-collectif</p>

<!-- This site is optimized with the Yoast SEO plugin v27.2 - https://yoast.com/product/yoast-seo-wordpress/ -->
<title>Atelier collectif : initiation massage bébé - Au coeur de ma nature</title>
<meta name="description" content="Découvrir les bienfaits des massages pour bébé, mettre une routine en place afin de bénéficier de l&#039;ensemble des bienfaits." />
<meta name="robots" content="index, follow, max-snippet:-1, max-image-preview:large, max-video-preview:-1" />
<link rel="canonical" href="https://aucoeurdemanature.com/?tribe_events=atelier-collectif-initiation-massage-bebe-2" />
<meta property="og:locale" content="fr_FR" />
<meta property="og:type" content="article" />
<meta property="og:title" content="Atelier collectif : initiation massage bébé - Au coeur de ma nature" />
<meta property="og:description" content="Découvrir les bienfaits des massages pour bébé, mettre une routine en place afin de bénéficier de l&#039;ensemble des bienfaits." />
<meta property="og:url" content="https://aucoeurdemanature.com/?tribe_events=atelier-collectif-initiation-massage-bebe-2" />
<meta property="og:site_name" content="Au coeur de ma nature" />
<meta property="article:publisher" content="https://www.facebook.com/Aucoeurdemanature" />
<meta property="article:modified_time" content="2023-07-28T12:00:55+00:00" />
<meta name="twitter:card" content="summary_large_image" />
<meta name="twitter:label1" content="Durée de lecture estimée" />
	<meta name="twitter:data1" content="1 minute" />
<script type="application/ld+json" class="yoast-schema-graph">{"@context":"https://schema.org","@graph":[{"@type":"WebPage","@id":"https://aucoeurdemanature.com/?tribe_events=atelier-collectif-initiation-massage-bebe-2","url":"https://aucoeurdemanature.com/?tribe_events=atelier-collectif-initiation-massage-bebe-2","name":"Atelier collectif : initiation massage bébé - Au coeur de ma nature","isPartOf":{"@id":"http://aucoeurdemanature.com/#website"},"datePublished":"2023-07-27T13:33:40+00:00","dateModified":"2023-07-28T12:00:55+00:00","description":"Découvrir les bienfaits des massages pour bébé, mettre une routine en place afin de bénéficier de l'ensemble des bienfaits.","breadcrumb":{"@id":"https://aucoeurdemanature.com/?tribe_events=atelier-collectif-initiation-massage-bebe-2#breadcrumb"},"inLanguage":"fr-FR","potentialAction":[{"@type":"ReadAction","target":["https://aucoeurdemanature.com/?tribe_events=atelier-collectif-initiation-massage-bebe-2"]}]},{"@type":"BreadcrumbList","@id":"https://aucoeurdemanature.com/?tribe_events=atelier-collectif-initiation-massage-bebe-2#breadcrumb","itemListElement":[{"@type":"ListItem","position":1,"name":"Accueil","item":"http://aucoeurdemanature.com/"},{"@type":"ListItem","position":2,"name":"Évènements","item":"http://aucoeurdemanature.com/?post_type=tribe_events"},{"@type":"ListItem","position":3,"name":"Atelier collectif : initiation massage bébé"}]},{"@type":"WebSite","@id":"http://aucoeurdemanature.com/#website","url":"http://aucoeurdemanature.com/","name":"Au coeur de ma nature","description":"Au coeur de ma nature - Psychologue en périnatalité, atelier parentalité, et soins  - Yonne 89","publisher":{"@id":"http://aucoeurdemanature.com/#organization"},"potentialAction":[{"@type":"SearchAction","target":{"@type":"EntryPoint","urlTemplate":"http://aucoeurdemanature.com/?s={search_term_string}"},"query-input":{"@type":"PropertyValueSpecification","valueRequired":true,"valueName":"search_term_string"}}],"inLanguage":"fr-FR"},{"@type":"Organization","@id":"http://aucoeurdemanature.com/#organization","name":"Au coeur de ma nature","url":"http://aucoeurdemanature.com/","logo":{"@type":"ImageObject","inLanguage":"fr-FR","@id":"http://aucoeurdemanature.com/#/schema/logo/image/","url":"http://aucoeurdemanature.com/wp-content/uploads/2019/09/Image-1-770x1024.jpg","contentUrl":"http://aucoeurdemanature.com/wp-content/uploads/2019/09/Image-1-770x1024.jpg","width":770,"height":1024,"caption":"Au coeur de ma nature"},"image":{"@id":"http://aucoeurdemanature.com/#/schema/logo/image/"},"sameAs":["https://www.facebook.com/Aucoeurdemanature","https://www.instagram.com/aucoeurdemanature/?hl=fr"]}]}</script>
<!-- / Yoast SEO plugin. -->

Atelier collectif : initiation massage bébé - Au coeur de ma nature

Découvrir les bienfaits des massages pour bébé, mettre une routine en place afin de bénéficier de l'ensemble des bienfaits.

Évènements

Au coeur de ma nature - Psychologue en périnatalité, atelier parentalité, et soins  - Yonne 89
