{"id":4014,"date":"2023-07-27T15:36:49","date_gmt":"2023-07-27T13:36:49","guid":{"rendered":"http:\/\/aucoeurdemanature.com\/?post_type=tribe_events&#038;p=4014"},"modified":"2023-07-27T15:36:49","modified_gmt":"2023-07-27T13:36:49","slug":"atelier-collectif-massage-et-yoga-des-bambins","status":"publish","type":"tribe_events","link":"http:\/\/aucoeurdemanature.com\/?tribe_events=atelier-collectif-massage-et-yoga-des-bambins","title":{"rendered":"Atelier collectif : massage et yoga des bambins"},"content":{"rendered":"<p>Un atelier pour passer un temps d\u00e9di\u00e9 avec votre bambin de 18 \u00e0 36 mois. Relaxation, \u00e9tirements ainsi que des mouvements de massage du corps.<br \/>\nQuelques postures de yoga seront propos\u00e9es et vos enfants pourront d\u00e9couvrir diff\u00e9rents objets de massage.<br \/>\nUn moment \u00e0 partager en famille. Tarif 30 \u20ac par famille &#8211; places limit\u00e9es<br \/>\nInscription :\u00a0<a class=\"x1i10hfl xjbqb8w x6umtig x1b1mbwd xaqea5y xav7gou x9f619 x1ypdohk xt0psk2 xe8uvvx xdj266r x11i5rnm xat24cr x1mh8g0r xexx8yu x4uap5 x18d9i69 xkhd6sd x16tdsg8 x1hl2dhg xggy1nq x1a2a7pz xt0b8zv x1fey0fg\" tabindex=\"0\" role=\"link\" href=\"https:\/\/calendly.com\/sandrinetonnellier\/atelier-massage-yoga-bambin-collectif?fbclid=IwAR3KnrTVDc1znGzl4iFIBhE5L1mvQ6-DDPEooRHZDikjj2vb4PsYsg2Uai4\" target=\"_blank\" rel=\"nofollow noopener noreferrer\">https:\/\/calendly.com\/&#8230;\/atelier-massage-yoga-bambin<\/a><\/p>\n","protected":false},"excerpt":{"rendered":"<p>Un atelier pour passer un temps d\u00e9di\u00e9 avec votre bambin de 18 \u00e0 36 mois. Relaxation, \u00e9tirements ainsi que des mouvements de massage du corps. Quelques postures de yoga seront propos\u00e9es et vos enfants pourront d\u00e9couvrir diff\u00e9rents objets de massage. Un moment \u00e0 partager en famille. Tarif 30 \u20ac par famille &#8211; places limit\u00e9es Inscription :\u00a0https:\/\/calendly.com\/&#8230;\/atelier-massage-yoga-bambin<\/p>\n","protected":false},"author":1,"featured_media":0,"template":"","meta":{"_tribe_events_status":"","_tribe_events_status_reason":"","footnotes":""},"tags":[],"tribe_events_cat":[],"class_list":["post-4014","tribe_events","type-tribe_events","status-publish","hentry"],"yoast_head":"<!-- This site is optimized with the Yoast SEO plugin v27.2 - https:\/\/yoast.com\/product\/yoast-seo-wordpress\/ -->\n<title>Atelier collectif : massage et yoga des bambins - Au coeur de ma nature<\/title>\n<meta name=\"description\" content=\"Passer un temps privil\u00e9gi\u00e9 avec son enfant plus grands. D\u00e9tente et mouvements durant cette s\u00e9ance \u00e0 partager en famille.\" \/>\n<meta name=\"robots\" content=\"index, follow, max-snippet:-1, max-image-preview:large, max-video-preview:-1\" \/>\n<link rel=\"canonical\" href=\"https:\/\/aucoeurdemanature.com\/?tribe_events=atelier-collectif-massage-et-yoga-des-bambins\" \/>\n<meta property=\"og:locale\" content=\"fr_FR\" \/>\n<meta property=\"og:type\" content=\"article\" \/>\n<meta property=\"og:title\" content=\"Atelier collectif : massage et yoga des bambins - Au coeur de ma nature\" \/>\n<meta property=\"og:description\" content=\"Passer un temps privil\u00e9gi\u00e9 avec son enfant plus grands. D\u00e9tente et mouvements durant cette s\u00e9ance \u00e0 partager en famille.\" \/>\n<meta property=\"og:url\" content=\"https:\/\/aucoeurdemanature.com\/?tribe_events=atelier-collectif-massage-et-yoga-des-bambins\" \/>\n<meta property=\"og:site_name\" content=\"Au coeur de ma nature\" \/>\n<meta property=\"article:publisher\" content=\"https:\/\/www.facebook.com\/Aucoeurdemanature\" \/>\n<meta name=\"twitter:card\" content=\"summary_large_image\" \/>\n<meta name=\"twitter:label1\" content=\"Dur\u00e9e de lecture estim\u00e9e\" \/>\n\t<meta name=\"twitter:data1\" content=\"1 minute\" \/>\n<script type=\"application\/ld+json\" class=\"yoast-schema-graph\">{\"@context\":\"https:\/\/schema.org\",\"@graph\":[{\"@type\":\"WebPage\",\"@id\":\"https:\/\/aucoeurdemanature.com\/?tribe_events=atelier-collectif-massage-et-yoga-des-bambins\",\"url\":\"https:\/\/aucoeurdemanature.com\/?tribe_events=atelier-collectif-massage-et-yoga-des-bambins\",\"name\":\"Atelier collectif : massage et yoga des bambins - Au coeur de ma nature\",\"isPartOf\":{\"@id\":\"http:\/\/aucoeurdemanature.com\/#website\"},\"datePublished\":\"2023-07-27T13:36:49+00:00\",\"description\":\"Passer un temps privil\u00e9gi\u00e9 avec son enfant plus grands. D\u00e9tente et mouvements durant cette s\u00e9ance \u00e0 partager en famille.\",\"breadcrumb\":{\"@id\":\"https:\/\/aucoeurdemanature.com\/?tribe_events=atelier-collectif-massage-et-yoga-des-bambins#breadcrumb\"},\"inLanguage\":\"fr-FR\",\"potentialAction\":[{\"@type\":\"ReadAction\",\"target\":[\"https:\/\/aucoeurdemanature.com\/?tribe_events=atelier-collectif-massage-et-yoga-des-bambins\"]}]},{\"@type\":\"BreadcrumbList\",\"@id\":\"https:\/\/aucoeurdemanature.com\/?tribe_events=atelier-collectif-massage-et-yoga-des-bambins#breadcrumb\",\"itemListElement\":[{\"@type\":\"ListItem\",\"position\":1,\"name\":\"Accueil\",\"item\":\"http:\/\/aucoeurdemanature.com\/\"},{\"@type\":\"ListItem\",\"position\":2,\"name\":\"\u00c9v\u00e8nements\",\"item\":\"http:\/\/aucoeurdemanature.com\/?post_type=tribe_events\"},{\"@type\":\"ListItem\",\"position\":3,\"name\":\"Atelier collectif : massage et yoga des bambins\"}]},{\"@type\":\"WebSite\",\"@id\":\"http:\/\/aucoeurdemanature.com\/#website\",\"url\":\"http:\/\/aucoeurdemanature.com\/\",\"name\":\"Au coeur de ma nature\",\"description\":\"Au coeur de ma nature - Psychologue en p\u00e9rinatalit\u00e9, atelier parentalit\u00e9, et soins  - Yonne 89\",\"publisher\":{\"@id\":\"http:\/\/aucoeurdemanature.com\/#organization\"},\"potentialAction\":[{\"@type\":\"SearchAction\",\"target\":{\"@type\":\"EntryPoint\",\"urlTemplate\":\"http:\/\/aucoeurdemanature.com\/?s={search_term_string}\"},\"query-input\":{\"@type\":\"PropertyValueSpecification\",\"valueRequired\":true,\"valueName\":\"search_term_string\"}}],\"inLanguage\":\"fr-FR\"},{\"@type\":\"Organization\",\"@id\":\"http:\/\/aucoeurdemanature.com\/#organization\",\"name\":\"Au coeur de ma nature\",\"url\":\"http:\/\/aucoeurdemanature.com\/\",\"logo\":{\"@type\":\"ImageObject\",\"inLanguage\":\"fr-FR\",\"@id\":\"http:\/\/aucoeurdemanature.com\/#\/schema\/logo\/image\/\",\"url\":\"http:\/\/aucoeurdemanature.com\/wp-content\/uploads\/2019\/09\/Image-1-770x1024.jpg\",\"contentUrl\":\"http:\/\/aucoeurdemanature.com\/wp-content\/uploads\/2019\/09\/Image-1-770x1024.jpg\",\"width\":770,\"height\":1024,\"caption\":\"Au coeur de ma nature\"},\"image\":{\"@id\":\"http:\/\/aucoeurdemanature.com\/#\/schema\/logo\/image\/\"},\"sameAs\":[\"https:\/\/www.facebook.com\/Aucoeurdemanature\",\"https:\/\/www.instagram.com\/aucoeurdemanature\/?hl=fr\"]}]}<\/script>\n<!-- \/ Yoast SEO plugin. -->","yoast_head_json":{"title":"Atelier collectif : massage et yoga des bambins - Au coeur de ma nature","description":"Passer un temps privil\u00e9gi\u00e9 avec son enfant plus grands. D\u00e9tente et mouvements durant cette s\u00e9ance \u00e0 partager en famille.","robots":{"index":"index","follow":"follow","max-snippet":"max-snippet:-1","max-image-preview":"max-image-preview:large","max-video-preview":"max-video-preview:-1"},"canonical":"https:\/\/aucoeurdemanature.com\/?tribe_events=atelier-collectif-massage-et-yoga-des-bambins","og_locale":"fr_FR","og_type":"article","og_title":"Atelier collectif : massage et yoga des bambins - Au coeur de ma nature","og_description":"Passer un temps privil\u00e9gi\u00e9 avec son enfant plus grands. D\u00e9tente et mouvements durant cette s\u00e9ance \u00e0 partager en famille.","og_url":"https:\/\/aucoeurdemanature.com\/?tribe_events=atelier-collectif-massage-et-yoga-des-bambins","og_site_name":"Au coeur de ma nature","article_publisher":"https:\/\/www.facebook.com\/Aucoeurdemanature","twitter_card":"summary_large_image","twitter_misc":{"Dur\u00e9e de lecture estim\u00e9e":"1 minute"},"schema":{"@context":"https:\/\/schema.org","@graph":[{"@type":"WebPage","@id":"https:\/\/aucoeurdemanature.com\/?tribe_events=atelier-collectif-massage-et-yoga-des-bambins","url":"https:\/\/aucoeurdemanature.com\/?tribe_events=atelier-collectif-massage-et-yoga-des-bambins","name":"Atelier collectif : massage et yoga des bambins - Au coeur de ma nature","isPartOf":{"@id":"http:\/\/aucoeurdemanature.com\/#website"},"datePublished":"2023-07-27T13:36:49+00:00","description":"Passer un temps privil\u00e9gi\u00e9 avec son enfant plus grands. D\u00e9tente et mouvements durant cette s\u00e9ance \u00e0 partager en famille.","breadcrumb":{"@id":"https:\/\/aucoeurdemanature.com\/?tribe_events=atelier-collectif-massage-et-yoga-des-bambins#breadcrumb"},"inLanguage":"fr-FR","potentialAction":[{"@type":"ReadAction","target":["https:\/\/aucoeurdemanature.com\/?tribe_events=atelier-collectif-massage-et-yoga-des-bambins"]}]},{"@type":"BreadcrumbList","@id":"https:\/\/aucoeurdemanature.com\/?tribe_events=atelier-collectif-massage-et-yoga-des-bambins#breadcrumb","itemListElement":[{"@type":"ListItem","position":1,"name":"Accueil","item":"http:\/\/aucoeurdemanature.com\/"},{"@type":"ListItem","position":2,"name":"\u00c9v\u00e8nements","item":"http:\/\/aucoeurdemanature.com\/?post_type=tribe_events"},{"@type":"ListItem","position":3,"name":"Atelier collectif : massage et yoga des bambins"}]},{"@type":"WebSite","@id":"http:\/\/aucoeurdemanature.com\/#website","url":"http:\/\/aucoeurdemanature.com\/","name":"Au coeur de ma nature","description":"Au coeur de ma nature - Psychologue en p\u00e9rinatalit\u00e9, atelier parentalit\u00e9, et soins  - Yonne 89","publisher":{"@id":"http:\/\/aucoeurdemanature.com\/#organization"},"potentialAction":[{"@type":"SearchAction","target":{"@type":"EntryPoint","urlTemplate":"http:\/\/aucoeurdemanature.com\/?s={search_term_string}"},"query-input":{"@type":"PropertyValueSpecification","valueRequired":true,"valueName":"search_term_string"}}],"inLanguage":"fr-FR"},{"@type":"Organization","@id":"http:\/\/aucoeurdemanature.com\/#organization","name":"Au coeur de ma nature","url":"http:\/\/aucoeurdemanature.com\/","logo":{"@type":"ImageObject","inLanguage":"fr-FR","@id":"http:\/\/aucoeurdemanature.com\/#\/schema\/logo\/image\/","url":"http:\/\/aucoeurdemanature.com\/wp-content\/uploads\/2019\/09\/Image-1-770x1024.jpg","contentUrl":"http:\/\/aucoeurdemanature.com\/wp-content\/uploads\/2019\/09\/Image-1-770x1024.jpg","width":770,"height":1024,"caption":"Au coeur de ma nature"},"image":{"@id":"http:\/\/aucoeurdemanature.com\/#\/schema\/logo\/image\/"},"sameAs":["https:\/\/www.facebook.com\/Aucoeurdemanature","https:\/\/www.instagram.com\/aucoeurdemanature\/?hl=fr"]}]}},"_links":{"self":[{"href":"http:\/\/aucoeurdemanature.com\/index.php?rest_route=\/wp\/v2\/tribe_events\/4014","targetHints":{"allow":["GET"]}}],"collection":[{"href":"http:\/\/aucoeurdemanature.com\/index.php?rest_route=\/wp\/v2\/tribe_events"}],"about":[{"href":"http:\/\/aucoeurdemanature.com\/index.php?rest_route=\/wp\/v2\/types\/tribe_events"}],"author":[{"embeddable":true,"href":"http:\/\/aucoeurdemanature.com\/index.php?rest_route=\/wp\/v2\/users\/1"}],"version-history":[{"count":1,"href":"http:\/\/aucoeurdemanature.com\/index.php?rest_route=\/wp\/v2\/tribe_events\/4014\/revisions"}],"predecessor-version":[{"id":4015,"href":"http:\/\/aucoeurdemanature.com\/index.php?rest_route=\/wp\/v2\/tribe_events\/4014\/revisions\/4015"}],"wp:attachment":[{"href":"http:\/\/aucoeurdemanature.com\/index.php?rest_route=%2Fwp%2Fv2%2Fmedia&parent=4014"}],"wp:term":[{"taxonomy":"post_tag","embeddable":true,"href":"http:\/\/aucoeurdemanature.com\/index.php?rest_route=%2Fwp%2Fv2%2Ftags&post=4014"},{"taxonomy":"tribe_events_cat","embeddable":true,"href":"http:\/\/aucoeurdemanature.com\/index.php?rest_route=%2Fwp%2Fv2%2Ftribe_events_cat&post=4014"}],"curies":[{"name":"wp","href":"https:\/\/api.w.org\/{rel}","templated":true}]}}

<p>Un atelier pour passer un temps dédié avec votre bambin de 18 à 36 mois. Relaxation, étirements ainsi que des mouvements de massage du corps.<br />
Quelques postures de yoga seront proposées et vos enfants pourront découvrir différents objets de massage.<br />
Un moment à partager en famille. Tarif 30 € par famille &#8211; places limitées<br />
Inscription : <a class="x1i10hfl xjbqb8w x6umtig x1b1mbwd xaqea5y xav7gou x9f619 x1ypdohk xt0psk2 xe8uvvx xdj266r x11i5rnm xat24cr x1mh8g0r xexx8yu x4uap5 x18d9i69 xkhd6sd x16tdsg8 x1hl2dhg xggy1nq x1a2a7pz xt0b8zv x1fey0fg" tabindex="0" role="link" href="https://calendly.com/sandrinetonnellier/atelier-massage-yoga-bambin-collectif?fbclid=IwAR3KnrTVDc1znGzl4iFIBhE5L1mvQ6-DDPEooRHZDikjj2vb4PsYsg2Uai4" target="_blank" rel="nofollow noopener noreferrer">https://calendly.com/&#8230;/atelier-massage-yoga-bambin</a></p>

<p>Un atelier pour passer un temps dédié avec votre bambin de 18 à 36 mois. Relaxation, étirements ainsi que des mouvements de massage du corps. Quelques postures de yoga seront proposées et vos enfants pourront découvrir différents objets de massage. Un moment à partager en famille. Tarif 30 € par famille &#8211; places limitées Inscription : https://calendly.com/&#8230;/atelier-massage-yoga-bambin</p>

<!-- This site is optimized with the Yoast SEO plugin v27.2 - https://yoast.com/product/yoast-seo-wordpress/ -->
<title>Atelier collectif : massage et yoga des bambins - Au coeur de ma nature</title>
<meta name="description" content="Passer un temps privilégié avec son enfant plus grands. Détente et mouvements durant cette séance à partager en famille." />
<meta name="robots" content="index, follow, max-snippet:-1, max-image-preview:large, max-video-preview:-1" />
<link rel="canonical" href="https://aucoeurdemanature.com/?tribe_events=atelier-collectif-massage-et-yoga-des-bambins" />
<meta property="og:locale" content="fr_FR" />
<meta property="og:type" content="article" />
<meta property="og:title" content="Atelier collectif : massage et yoga des bambins - Au coeur de ma nature" />
<meta property="og:description" content="Passer un temps privilégié avec son enfant plus grands. Détente et mouvements durant cette séance à partager en famille." />
<meta property="og:url" content="https://aucoeurdemanature.com/?tribe_events=atelier-collectif-massage-et-yoga-des-bambins" />
<meta property="og:site_name" content="Au coeur de ma nature" />
<meta property="article:publisher" content="https://www.facebook.com/Aucoeurdemanature" />
<meta name="twitter:card" content="summary_large_image" />
<meta name="twitter:label1" content="Durée de lecture estimée" />
	<meta name="twitter:data1" content="1 minute" />
<script type="application/ld+json" class="yoast-schema-graph">{"@context":"https://schema.org","@graph":[{"@type":"WebPage","@id":"https://aucoeurdemanature.com/?tribe_events=atelier-collectif-massage-et-yoga-des-bambins","url":"https://aucoeurdemanature.com/?tribe_events=atelier-collectif-massage-et-yoga-des-bambins","name":"Atelier collectif : massage et yoga des bambins - Au coeur de ma nature","isPartOf":{"@id":"http://aucoeurdemanature.com/#website"},"datePublished":"2023-07-27T13:36:49+00:00","description":"Passer un temps privilégié avec son enfant plus grands. Détente et mouvements durant cette séance à partager en famille.","breadcrumb":{"@id":"https://aucoeurdemanature.com/?tribe_events=atelier-collectif-massage-et-yoga-des-bambins#breadcrumb"},"inLanguage":"fr-FR","potentialAction":[{"@type":"ReadAction","target":["https://aucoeurdemanature.com/?tribe_events=atelier-collectif-massage-et-yoga-des-bambins"]}]},{"@type":"BreadcrumbList","@id":"https://aucoeurdemanature.com/?tribe_events=atelier-collectif-massage-et-yoga-des-bambins#breadcrumb","itemListElement":[{"@type":"ListItem","position":1,"name":"Accueil","item":"http://aucoeurdemanature.com/"},{"@type":"ListItem","position":2,"name":"Évènements","item":"http://aucoeurdemanature.com/?post_type=tribe_events"},{"@type":"ListItem","position":3,"name":"Atelier collectif : massage et yoga des bambins"}]},{"@type":"WebSite","@id":"http://aucoeurdemanature.com/#website","url":"http://aucoeurdemanature.com/","name":"Au coeur de ma nature","description":"Au coeur de ma nature - Psychologue en périnatalité, atelier parentalité, et soins  - Yonne 89","publisher":{"@id":"http://aucoeurdemanature.com/#organization"},"potentialAction":[{"@type":"SearchAction","target":{"@type":"EntryPoint","urlTemplate":"http://aucoeurdemanature.com/?s={search_term_string}"},"query-input":{"@type":"PropertyValueSpecification","valueRequired":true,"valueName":"search_term_string"}}],"inLanguage":"fr-FR"},{"@type":"Organization","@id":"http://aucoeurdemanature.com/#organization","name":"Au coeur de ma nature","url":"http://aucoeurdemanature.com/","logo":{"@type":"ImageObject","inLanguage":"fr-FR","@id":"http://aucoeurdemanature.com/#/schema/logo/image/","url":"http://aucoeurdemanature.com/wp-content/uploads/2019/09/Image-1-770x1024.jpg","contentUrl":"http://aucoeurdemanature.com/wp-content/uploads/2019/09/Image-1-770x1024.jpg","width":770,"height":1024,"caption":"Au coeur de ma nature"},"image":{"@id":"http://aucoeurdemanature.com/#/schema/logo/image/"},"sameAs":["https://www.facebook.com/Aucoeurdemanature","https://www.instagram.com/aucoeurdemanature/?hl=fr"]}]}</script>
<!-- / Yoast SEO plugin. -->

Passer un temps privilégié avec son enfant plus grands. Détente et mouvements durant cette séance à partager en famille.

Évènements

Au coeur de ma nature - Psychologue en périnatalité, atelier parentalité, et soins  - Yonne 89
