{"id":4022,"date":"2023-07-27T15:56:53","date_gmt":"2023-07-27T13:56:53","guid":{"rendered":"http:\/\/aucoeurdemanature.com\/?post_type=tribe_events&#038;p=4022"},"modified":"2023-07-27T16:02:23","modified_gmt":"2023-07-27T14:02:23","slug":"festival-peppy","status":"publish","type":"tribe_events","link":"http:\/\/aucoeurdemanature.com\/?tribe_events=festival-peppy","title":{"rendered":"Festival PEPPY"},"content":{"rendered":"<p>Une journ\u00e9e conviviale : des conf\u00e9rences, des ateliers, des animations et un spectacle.<\/p>\n<p>&nbsp;<\/p>\n<p><img fetchpriority=\"high\" decoding=\"async\" class=\"alignnone size-medium wp-image-4028\" src=\"http:\/\/aucoeurdemanature.com\/wp-content\/uploads\/2023\/07\/Capture-decran-2023-07-27-a-15.59.31-211x300.png\" alt=\"\" width=\"211\" height=\"300\" srcset=\"http:\/\/aucoeurdemanature.com\/wp-content\/uploads\/2023\/07\/Capture-decran-2023-07-27-a-15.59.31-211x300.png 211w, http:\/\/aucoeurdemanature.com\/wp-content\/uploads\/2023\/07\/Capture-decran-2023-07-27-a-15.59.31-719x1024.png 719w, http:\/\/aucoeurdemanature.com\/wp-content\/uploads\/2023\/07\/Capture-decran-2023-07-27-a-15.59.31-768x1094.png 768w, http:\/\/aucoeurdemanature.com\/wp-content\/uploads\/2023\/07\/Capture-decran-2023-07-27-a-15.59.31-600x855.png 600w, http:\/\/aucoeurdemanature.com\/wp-content\/uploads\/2023\/07\/Capture-decran-2023-07-27-a-15.59.31.png 988w\" sizes=\"(max-width: 211px) 100vw, 211px\" \/><\/p>\n","protected":false},"excerpt":{"rendered":"<p>Une journ\u00e9e conviviale : des conf\u00e9rences, des ateliers, des animations et un spectacle. &nbsp;<\/p>\n","protected":false},"author":1,"featured_media":0,"template":"","meta":{"_tribe_events_status":"","_tribe_events_status_reason":"","footnotes":""},"tags":[],"tribe_events_cat":[],"class_list":["post-4022","tribe_events","type-tribe_events","status-publish","hentry"],"yoast_head":"<!-- This site is optimized with the Yoast SEO plugin v27.2 - https:\/\/yoast.com\/product\/yoast-seo-wordpress\/ -->\n<title>Festival PEPPY - Au coeur de ma nature<\/title>\n<meta name=\"description\" content=\"Des ateliers, des spectacles, des rencontres avec des professionnels de la p\u00e9rinatalit\u00e9 et de la parentalit\u00e9\" \/>\n<meta name=\"robots\" content=\"index, follow, max-snippet:-1, max-image-preview:large, max-video-preview:-1\" \/>\n<link rel=\"canonical\" href=\"https:\/\/aucoeurdemanature.com\/?tribe_events=festival-peppy\" \/>\n<meta property=\"og:locale\" content=\"fr_FR\" \/>\n<meta property=\"og:type\" content=\"article\" \/>\n<meta property=\"og:title\" content=\"Festival PEPPY - Au coeur de ma nature\" \/>\n<meta property=\"og:description\" content=\"Des ateliers, des spectacles, des rencontres avec des professionnels de la p\u00e9rinatalit\u00e9 et de la parentalit\u00e9\" \/>\n<meta property=\"og:url\" content=\"https:\/\/aucoeurdemanature.com\/?tribe_events=festival-peppy\" \/>\n<meta property=\"og:site_name\" content=\"Au coeur de ma nature\" \/>\n<meta property=\"article:publisher\" content=\"https:\/\/www.facebook.com\/Aucoeurdemanature\" \/>\n<meta property=\"article:modified_time\" content=\"2023-07-27T14:02:23+00:00\" \/>\n<meta property=\"og:image\" content=\"http:\/\/aucoeurdemanature.com\/wp-content\/uploads\/2023\/07\/Capture-decran-2023-07-27-a-15.59.31-211x300.png\" \/>\n<meta name=\"twitter:card\" content=\"summary_large_image\" \/>\n<meta name=\"twitter:label1\" content=\"Dur\u00e9e de lecture estim\u00e9e\" \/>\n\t<meta name=\"twitter:data1\" content=\"1 minute\" \/>\n<script type=\"application\/ld+json\" class=\"yoast-schema-graph\">{\"@context\":\"https:\/\/schema.org\",\"@graph\":[{\"@type\":\"WebPage\",\"@id\":\"https:\/\/aucoeurdemanature.com\/?tribe_events=festival-peppy\",\"url\":\"https:\/\/aucoeurdemanature.com\/?tribe_events=festival-peppy\",\"name\":\"Festival PEPPY - Au coeur de ma nature\",\"isPartOf\":{\"@id\":\"http:\/\/aucoeurdemanature.com\/#website\"},\"primaryImageOfPage\":{\"@id\":\"https:\/\/aucoeurdemanature.com\/?tribe_events=festival-peppy#primaryimage\"},\"image\":{\"@id\":\"https:\/\/aucoeurdemanature.com\/?tribe_events=festival-peppy#primaryimage\"},\"thumbnailUrl\":\"http:\/\/aucoeurdemanature.com\/wp-content\/uploads\/2023\/07\/Capture-decran-2023-07-27-a-15.59.31-211x300.png\",\"datePublished\":\"2023-07-27T13:56:53+00:00\",\"dateModified\":\"2023-07-27T14:02:23+00:00\",\"description\":\"Des ateliers, des spectacles, des rencontres avec des professionnels de la p\u00e9rinatalit\u00e9 et de la parentalit\u00e9\",\"breadcrumb\":{\"@id\":\"https:\/\/aucoeurdemanature.com\/?tribe_events=festival-peppy#breadcrumb\"},\"inLanguage\":\"fr-FR\",\"potentialAction\":[{\"@type\":\"ReadAction\",\"target\":[\"https:\/\/aucoeurdemanature.com\/?tribe_events=festival-peppy\"]}]},{\"@type\":\"ImageObject\",\"inLanguage\":\"fr-FR\",\"@id\":\"https:\/\/aucoeurdemanature.com\/?tribe_events=festival-peppy#primaryimage\",\"url\":\"http:\/\/aucoeurdemanature.com\/wp-content\/uploads\/2023\/07\/Capture-decran-2023-07-27-a-15.59.31.png\",\"contentUrl\":\"http:\/\/aucoeurdemanature.com\/wp-content\/uploads\/2023\/07\/Capture-decran-2023-07-27-a-15.59.31.png\",\"width\":988,\"height\":1408},{\"@type\":\"BreadcrumbList\",\"@id\":\"https:\/\/aucoeurdemanature.com\/?tribe_events=festival-peppy#breadcrumb\",\"itemListElement\":[{\"@type\":\"ListItem\",\"position\":1,\"name\":\"Accueil\",\"item\":\"http:\/\/aucoeurdemanature.com\/\"},{\"@type\":\"ListItem\",\"position\":2,\"name\":\"\u00c9v\u00e8nements\",\"item\":\"http:\/\/aucoeurdemanature.com\/?post_type=tribe_events\"},{\"@type\":\"ListItem\",\"position\":3,\"name\":\"Festival PEPPY\"}]},{\"@type\":\"WebSite\",\"@id\":\"http:\/\/aucoeurdemanature.com\/#website\",\"url\":\"http:\/\/aucoeurdemanature.com\/\",\"name\":\"Au coeur de ma nature\",\"description\":\"Au coeur de ma nature - Psychologue en p\u00e9rinatalit\u00e9, atelier parentalit\u00e9, et soins  - Yonne 89\",\"publisher\":{\"@id\":\"http:\/\/aucoeurdemanature.com\/#organization\"},\"potentialAction\":[{\"@type\":\"SearchAction\",\"target\":{\"@type\":\"EntryPoint\",\"urlTemplate\":\"http:\/\/aucoeurdemanature.com\/?s={search_term_string}\"},\"query-input\":{\"@type\":\"PropertyValueSpecification\",\"valueRequired\":true,\"valueName\":\"search_term_string\"}}],\"inLanguage\":\"fr-FR\"},{\"@type\":\"Organization\",\"@id\":\"http:\/\/aucoeurdemanature.com\/#organization\",\"name\":\"Au coeur de ma nature\",\"url\":\"http:\/\/aucoeurdemanature.com\/\",\"logo\":{\"@type\":\"ImageObject\",\"inLanguage\":\"fr-FR\",\"@id\":\"http:\/\/aucoeurdemanature.com\/#\/schema\/logo\/image\/\",\"url\":\"http:\/\/aucoeurdemanature.com\/wp-content\/uploads\/2019\/09\/Image-1-770x1024.jpg\",\"contentUrl\":\"http:\/\/aucoeurdemanature.com\/wp-content\/uploads\/2019\/09\/Image-1-770x1024.jpg\",\"width\":770,\"height\":1024,\"caption\":\"Au coeur de ma nature\"},\"image\":{\"@id\":\"http:\/\/aucoeurdemanature.com\/#\/schema\/logo\/image\/\"},\"sameAs\":[\"https:\/\/www.facebook.com\/Aucoeurdemanature\",\"https:\/\/www.instagram.com\/aucoeurdemanature\/?hl=fr\"]}]}<\/script>\n<!-- \/ Yoast SEO plugin. -->","yoast_head_json":{"title":"Festival PEPPY - Au coeur de ma nature","description":"Des ateliers, des spectacles, des rencontres avec des professionnels de la p\u00e9rinatalit\u00e9 et de la parentalit\u00e9","robots":{"index":"index","follow":"follow","max-snippet":"max-snippet:-1","max-image-preview":"max-image-preview:large","max-video-preview":"max-video-preview:-1"},"canonical":"https:\/\/aucoeurdemanature.com\/?tribe_events=festival-peppy","og_locale":"fr_FR","og_type":"article","og_title":"Festival PEPPY - Au coeur de ma nature","og_description":"Des ateliers, des spectacles, des rencontres avec des professionnels de la p\u00e9rinatalit\u00e9 et de la parentalit\u00e9","og_url":"https:\/\/aucoeurdemanature.com\/?tribe_events=festival-peppy","og_site_name":"Au coeur de ma nature","article_publisher":"https:\/\/www.facebook.com\/Aucoeurdemanature","article_modified_time":"2023-07-27T14:02:23+00:00","og_image":[{"url":"http:\/\/aucoeurdemanature.com\/wp-content\/uploads\/2023\/07\/Capture-decran-2023-07-27-a-15.59.31-211x300.png","type":"","width":"","height":""}],"twitter_card":"summary_large_image","twitter_misc":{"Dur\u00e9e de lecture estim\u00e9e":"1 minute"},"schema":{"@context":"https:\/\/schema.org","@graph":[{"@type":"WebPage","@id":"https:\/\/aucoeurdemanature.com\/?tribe_events=festival-peppy","url":"https:\/\/aucoeurdemanature.com\/?tribe_events=festival-peppy","name":"Festival PEPPY - Au coeur de ma nature","isPartOf":{"@id":"http:\/\/aucoeurdemanature.com\/#website"},"primaryImageOfPage":{"@id":"https:\/\/aucoeurdemanature.com\/?tribe_events=festival-peppy#primaryimage"},"image":{"@id":"https:\/\/aucoeurdemanature.com\/?tribe_events=festival-peppy#primaryimage"},"thumbnailUrl":"http:\/\/aucoeurdemanature.com\/wp-content\/uploads\/2023\/07\/Capture-decran-2023-07-27-a-15.59.31-211x300.png","datePublished":"2023-07-27T13:56:53+00:00","dateModified":"2023-07-27T14:02:23+00:00","description":"Des ateliers, des spectacles, des rencontres avec des professionnels de la p\u00e9rinatalit\u00e9 et de la parentalit\u00e9","breadcrumb":{"@id":"https:\/\/aucoeurdemanature.com\/?tribe_events=festival-peppy#breadcrumb"},"inLanguage":"fr-FR","potentialAction":[{"@type":"ReadAction","target":["https:\/\/aucoeurdemanature.com\/?tribe_events=festival-peppy"]}]},{"@type":"ImageObject","inLanguage":"fr-FR","@id":"https:\/\/aucoeurdemanature.com\/?tribe_events=festival-peppy#primaryimage","url":"http:\/\/aucoeurdemanature.com\/wp-content\/uploads\/2023\/07\/Capture-decran-2023-07-27-a-15.59.31.png","contentUrl":"http:\/\/aucoeurdemanature.com\/wp-content\/uploads\/2023\/07\/Capture-decran-2023-07-27-a-15.59.31.png","width":988,"height":1408},{"@type":"BreadcrumbList","@id":"https:\/\/aucoeurdemanature.com\/?tribe_events=festival-peppy#breadcrumb","itemListElement":[{"@type":"ListItem","position":1,"name":"Accueil","item":"http:\/\/aucoeurdemanature.com\/"},{"@type":"ListItem","position":2,"name":"\u00c9v\u00e8nements","item":"http:\/\/aucoeurdemanature.com\/?post_type=tribe_events"},{"@type":"ListItem","position":3,"name":"Festival PEPPY"}]},{"@type":"WebSite","@id":"http:\/\/aucoeurdemanature.com\/#website","url":"http:\/\/aucoeurdemanature.com\/","name":"Au coeur de ma nature","description":"Au coeur de ma nature - Psychologue en p\u00e9rinatalit\u00e9, atelier parentalit\u00e9, et soins  - Yonne 89","publisher":{"@id":"http:\/\/aucoeurdemanature.com\/#organization"},"potentialAction":[{"@type":"SearchAction","target":{"@type":"EntryPoint","urlTemplate":"http:\/\/aucoeurdemanature.com\/?s={search_term_string}"},"query-input":{"@type":"PropertyValueSpecification","valueRequired":true,"valueName":"search_term_string"}}],"inLanguage":"fr-FR"},{"@type":"Organization","@id":"http:\/\/aucoeurdemanature.com\/#organization","name":"Au coeur de ma nature","url":"http:\/\/aucoeurdemanature.com\/","logo":{"@type":"ImageObject","inLanguage":"fr-FR","@id":"http:\/\/aucoeurdemanature.com\/#\/schema\/logo\/image\/","url":"http:\/\/aucoeurdemanature.com\/wp-content\/uploads\/2019\/09\/Image-1-770x1024.jpg","contentUrl":"http:\/\/aucoeurdemanature.com\/wp-content\/uploads\/2019\/09\/Image-1-770x1024.jpg","width":770,"height":1024,"caption":"Au coeur de ma nature"},"image":{"@id":"http:\/\/aucoeurdemanature.com\/#\/schema\/logo\/image\/"},"sameAs":["https:\/\/www.facebook.com\/Aucoeurdemanature","https:\/\/www.instagram.com\/aucoeurdemanature\/?hl=fr"]}]}},"_links":{"self":[{"href":"http:\/\/aucoeurdemanature.com\/index.php?rest_route=\/wp\/v2\/tribe_events\/4022","targetHints":{"allow":["GET"]}}],"collection":[{"href":"http:\/\/aucoeurdemanature.com\/index.php?rest_route=\/wp\/v2\/tribe_events"}],"about":[{"href":"http:\/\/aucoeurdemanature.com\/index.php?rest_route=\/wp\/v2\/types\/tribe_events"}],"author":[{"embeddable":true,"href":"http:\/\/aucoeurdemanature.com\/index.php?rest_route=\/wp\/v2\/users\/1"}],"version-history":[{"count":5,"href":"http:\/\/aucoeurdemanature.com\/index.php?rest_route=\/wp\/v2\/tribe_events\/4022\/revisions"}],"predecessor-version":[{"id":4030,"href":"http:\/\/aucoeurdemanature.com\/index.php?rest_route=\/wp\/v2\/tribe_events\/4022\/revisions\/4030"}],"wp:attachment":[{"href":"http:\/\/aucoeurdemanature.com\/index.php?rest_route=%2Fwp%2Fv2%2Fmedia&parent=4022"}],"wp:term":[{"taxonomy":"post_tag","embeddable":true,"href":"http:\/\/aucoeurdemanature.com\/index.php?rest_route=%2Fwp%2Fv2%2Ftags&post=4022"},{"taxonomy":"tribe_events_cat","embeddable":true,"href":"http:\/\/aucoeurdemanature.com\/index.php?rest_route=%2Fwp%2Fv2%2Ftribe_events_cat&post=4022"}],"curies":[{"name":"wp","href":"https:\/\/api.w.org\/{rel}","templated":true}]}}

<p>Une journée conviviale : des conférences, des ateliers, des animations et un spectacle.</p>
<p>&nbsp;</p>
<p><img fetchpriority="high" decoding="async" class="alignnone size-medium wp-image-4028" src="http://aucoeurdemanature.com/wp-content/uploads/2023/07/Capture-decran-2023-07-27-a-15.59.31-211x300.png" alt="" width="211" height="300" srcset="http://aucoeurdemanature.com/wp-content/uploads/2023/07/Capture-decran-2023-07-27-a-15.59.31-211x300.png 211w, http://aucoeurdemanature.com/wp-content/uploads/2023/07/Capture-decran-2023-07-27-a-15.59.31-719x1024.png 719w, http://aucoeurdemanature.com/wp-content/uploads/2023/07/Capture-decran-2023-07-27-a-15.59.31-768x1094.png 768w, http://aucoeurdemanature.com/wp-content/uploads/2023/07/Capture-decran-2023-07-27-a-15.59.31-600x855.png 600w, http://aucoeurdemanature.com/wp-content/uploads/2023/07/Capture-decran-2023-07-27-a-15.59.31.png 988w" sizes="(max-width: 211px) 100vw, 211px" /></p>

<p>Une journée conviviale : des conférences, des ateliers, des animations et un spectacle. &nbsp;</p>

<!-- This site is optimized with the Yoast SEO plugin v27.2 - https://yoast.com/product/yoast-seo-wordpress/ -->
<title>Festival PEPPY - Au coeur de ma nature</title>
<meta name="description" content="Des ateliers, des spectacles, des rencontres avec des professionnels de la périnatalité et de la parentalité" />
<meta name="robots" content="index, follow, max-snippet:-1, max-image-preview:large, max-video-preview:-1" />
<link rel="canonical" href="https://aucoeurdemanature.com/?tribe_events=festival-peppy" />
<meta property="og:locale" content="fr_FR" />
<meta property="og:type" content="article" />
<meta property="og:title" content="Festival PEPPY - Au coeur de ma nature" />
<meta property="og:description" content="Des ateliers, des spectacles, des rencontres avec des professionnels de la périnatalité et de la parentalité" />
<meta property="og:url" content="https://aucoeurdemanature.com/?tribe_events=festival-peppy" />
<meta property="og:site_name" content="Au coeur de ma nature" />
<meta property="article:publisher" content="https://www.facebook.com/Aucoeurdemanature" />
<meta property="article:modified_time" content="2023-07-27T14:02:23+00:00" />
<meta property="og:image" content="http://aucoeurdemanature.com/wp-content/uploads/2023/07/Capture-decran-2023-07-27-a-15.59.31-211x300.png" />
<meta name="twitter:card" content="summary_large_image" />
<meta name="twitter:label1" content="Durée de lecture estimée" />
	<meta name="twitter:data1" content="1 minute" />
<script type="application/ld+json" class="yoast-schema-graph">{"@context":"https://schema.org","@graph":[{"@type":"WebPage","@id":"https://aucoeurdemanature.com/?tribe_events=festival-peppy","url":"https://aucoeurdemanature.com/?tribe_events=festival-peppy","name":"Festival PEPPY - Au coeur de ma nature","isPartOf":{"@id":"http://aucoeurdemanature.com/#website"},"primaryImageOfPage":{"@id":"https://aucoeurdemanature.com/?tribe_events=festival-peppy#primaryimage"},"image":{"@id":"https://aucoeurdemanature.com/?tribe_events=festival-peppy#primaryimage"},"thumbnailUrl":"http://aucoeurdemanature.com/wp-content/uploads/2023/07/Capture-decran-2023-07-27-a-15.59.31-211x300.png","datePublished":"2023-07-27T13:56:53+00:00","dateModified":"2023-07-27T14:02:23+00:00","description":"Des ateliers, des spectacles, des rencontres avec des professionnels de la périnatalité et de la parentalité","breadcrumb":{"@id":"https://aucoeurdemanature.com/?tribe_events=festival-peppy#breadcrumb"},"inLanguage":"fr-FR","potentialAction":[{"@type":"ReadAction","target":["https://aucoeurdemanature.com/?tribe_events=festival-peppy"]}]},{"@type":"ImageObject","inLanguage":"fr-FR","@id":"https://aucoeurdemanature.com/?tribe_events=festival-peppy#primaryimage","url":"http://aucoeurdemanature.com/wp-content/uploads/2023/07/Capture-decran-2023-07-27-a-15.59.31.png","contentUrl":"http://aucoeurdemanature.com/wp-content/uploads/2023/07/Capture-decran-2023-07-27-a-15.59.31.png","width":988,"height":1408},{"@type":"BreadcrumbList","@id":"https://aucoeurdemanature.com/?tribe_events=festival-peppy#breadcrumb","itemListElement":[{"@type":"ListItem","position":1,"name":"Accueil","item":"http://aucoeurdemanature.com/"},{"@type":"ListItem","position":2,"name":"Évènements","item":"http://aucoeurdemanature.com/?post_type=tribe_events"},{"@type":"ListItem","position":3,"name":"Festival PEPPY"}]},{"@type":"WebSite","@id":"http://aucoeurdemanature.com/#website","url":"http://aucoeurdemanature.com/","name":"Au coeur de ma nature","description":"Au coeur de ma nature - Psychologue en périnatalité, atelier parentalité, et soins  - Yonne 89","publisher":{"@id":"http://aucoeurdemanature.com/#organization"},"potentialAction":[{"@type":"SearchAction","target":{"@type":"EntryPoint","urlTemplate":"http://aucoeurdemanature.com/?s={search_term_string}"},"query-input":{"@type":"PropertyValueSpecification","valueRequired":true,"valueName":"search_term_string"}}],"inLanguage":"fr-FR"},{"@type":"Organization","@id":"http://aucoeurdemanature.com/#organization","name":"Au coeur de ma nature","url":"http://aucoeurdemanature.com/","logo":{"@type":"ImageObject","inLanguage":"fr-FR","@id":"http://aucoeurdemanature.com/#/schema/logo/image/","url":"http://aucoeurdemanature.com/wp-content/uploads/2019/09/Image-1-770x1024.jpg","contentUrl":"http://aucoeurdemanature.com/wp-content/uploads/2019/09/Image-1-770x1024.jpg","width":770,"height":1024,"caption":"Au coeur de ma nature"},"image":{"@id":"http://aucoeurdemanature.com/#/schema/logo/image/"},"sameAs":["https://www.facebook.com/Aucoeurdemanature","https://www.instagram.com/aucoeurdemanature/?hl=fr"]}]}</script>
<!-- / Yoast SEO plugin. -->

Des ateliers, des spectacles, des rencontres avec des professionnels de la périnatalité et de la parentalité

Évènements

Au coeur de ma nature - Psychologue en périnatalité, atelier parentalité, et soins  - Yonne 89
