{"id":4089,"date":"2023-11-14T16:18:18","date_gmt":"2023-11-14T15:18:18","guid":{"rendered":"http:\/\/aucoeurdemanature.com\/?post_type=tribe_events&#038;p=4089"},"modified":"2023-11-14T16:18:18","modified_gmt":"2023-11-14T15:18:18","slug":"initiation-et-decouverte-du-portage","status":"publish","type":"tribe_events","link":"https:\/\/aucoeurdemanature.com\/?tribe_events=initiation-et-decouverte-du-portage","title":{"rendered":"Initiation et d\u00e9couverte du portage"},"content":{"rendered":"<div class=\"x11i5rnm xat24cr x1mh8g0r x1vvkbs xtlvy1s\">Venez participer \u00e0 un atelier collectif pour d\u00e9couvrir : le portage physiologique, les consignes de s\u00e9curit\u00e9, les diff\u00e9rents moyens de portage qui existent pour porter b\u00e9b\u00e9&#8230;<br \/>\nL&rsquo;occasion de partager un convivial et d&rsquo;\u00e9changer avec d&rsquo;autres parents.<\/div>\n<div class=\"x11i5rnm xat24cr x1mh8g0r x1vvkbs xtlvy1s\">Tarif : 35\u20ac pour une personne &#8211; 45 \u20ac par couple<br \/>\nInscriptions<br \/>\n<a class=\"x1i10hfl xjbqb8w x6umtig x1b1mbwd xaqea5y xav7gou x9f619 x1ypdohk xt0psk2 xe8uvvx xdj266r x11i5rnm xat24cr x1mh8g0r xexx8yu x4uap5 x18d9i69 xkhd6sd x16tdsg8 x1hl2dhg xggy1nq x1a2a7pz xt0b8zv x1fey0fg\" tabindex=\"0\" role=\"link\" href=\"https:\/\/l.facebook.com\/l.php?u=https%3A%2F%2Fcalendly.com%2Fsandrinetonnellier%2Fatelier-collectif-portage-initiation-et-decouverte%3Ffbclid%3DIwAR1LVxEyZz4zv0wGydThzC1Kz4PpZFjw3jzRmGDs3faqnyVznzI74T86hLo&amp;h=AT0-I8oke7vmDAFu5Jfj-Rz6GH7zKFLmSu4yOYFi2-lOoKWGiIchgtmZwkOyRmlMEMCLT8RUqvHmF21W4WuLvR8UJM2Qfd7dVJVq_gdxvCUGuiIO3oBx4eITnfZZL4LSXguDiHNQ8SscTAGBiQ51joA&amp;__tn__=q&amp;c[0]=AT3eU2ZcUgs9HkFJkohaLDeY4wlI7nD4TnU53Uaid_kBgavWunEbUtTPhyZlJefE920zJKZ_5Bp9G_BbQCC8iKjLOo7jvheRiMk5qe-nbCNO4K5hqIZ-GMdG1Q7Oa1jrAaT-oYSgjm0r7qVx-hZaQL6sPDjQ\" target=\"_blank\" rel=\"nofollow noopener noreferrer\">https:\/\/calendly.com\/&#8230;\/atelier-collectif-portage&#8230;<\/a><\/div>\n<div class=\"x11i5rnm xat24cr x1mh8g0r x1vvkbs xtlvy1s\">N&rsquo;h\u00e9sitez pas \u00e0 ramener votre moyen de portage si vous en poss\u00e9dez un.<\/div>\n","protected":false},"excerpt":{"rendered":"<p>Venez participer \u00e0 un atelier collectif pour d\u00e9couvrir : le portage physiologique, les consignes de s\u00e9curit\u00e9, les diff\u00e9rents moyens de portage qui existent pour porter b\u00e9b\u00e9&#8230; L&rsquo;occasion de partager un convivial et d&rsquo;\u00e9changer avec d&rsquo;autres parents. Tarif : 35\u20ac pour une personne &#8211; 45 \u20ac par couple Inscriptions https:\/\/calendly.com\/&#8230;\/atelier-collectif-portage&#8230; N&rsquo;h\u00e9sitez pas \u00e0 ramener votre moyen de portage si vous en poss\u00e9dez un.<\/p>\n","protected":false},"author":1,"featured_media":0,"template":"","meta":{"_tribe_events_status":"","_tribe_events_status_reason":"","footnotes":""},"tags":[],"tribe_events_cat":[],"class_list":["post-4089","tribe_events","type-tribe_events","status-publish","hentry"],"yoast_head":"<!-- This site is optimized with the Yoast SEO plugin v27.2 - https:\/\/yoast.com\/product\/yoast-seo-wordpress\/ -->\n<title>Initiation et d\u00e9couverte du portage - Au coeur de ma nature<\/title>\n<meta name=\"robots\" content=\"index, follow, max-snippet:-1, max-image-preview:large, max-video-preview:-1\" \/>\n<link rel=\"canonical\" href=\"http:\/\/aucoeurdemanature.com\/?tribe_events=initiation-et-decouverte-du-portage\" \/>\n<meta property=\"og:locale\" content=\"fr_FR\" \/>\n<meta property=\"og:type\" content=\"article\" \/>\n<meta property=\"og:title\" content=\"Initiation et d\u00e9couverte du portage - Au coeur de ma nature\" \/>\n<meta property=\"og:description\" content=\"Venez participer \u00e0 un atelier collectif pour d\u00e9couvrir : le portage physiologique, les consignes de s\u00e9curit\u00e9, les diff\u00e9rents moyens de portage qui existent pour porter b\u00e9b\u00e9&#8230; L&rsquo;occasion de partager un convivial et d&rsquo;\u00e9changer avec d&rsquo;autres parents. Tarif : 35\u20ac pour une personne &#8211; 45 \u20ac par couple Inscriptions https:\/\/calendly.com\/&#8230;\/atelier-collectif-portage&#8230; N&rsquo;h\u00e9sitez pas \u00e0 ramener votre moyen de portage si vous en poss\u00e9dez un.\" \/>\n<meta property=\"og:url\" content=\"http:\/\/aucoeurdemanature.com\/?tribe_events=initiation-et-decouverte-du-portage\" \/>\n<meta property=\"og:site_name\" content=\"Au coeur de ma nature\" \/>\n<meta property=\"article:publisher\" content=\"https:\/\/www.facebook.com\/Aucoeurdemanature\" \/>\n<meta name=\"twitter:card\" content=\"summary_large_image\" \/>\n<meta name=\"twitter:label1\" content=\"Dur\u00e9e de lecture estim\u00e9e\" \/>\n\t<meta name=\"twitter:data1\" content=\"1 minute\" \/>\n<script type=\"application\/ld+json\" class=\"yoast-schema-graph\">{\"@context\":\"https:\/\/schema.org\",\"@graph\":[{\"@type\":\"WebPage\",\"@id\":\"http:\/\/aucoeurdemanature.com\/?tribe_events=initiation-et-decouverte-du-portage\",\"url\":\"http:\/\/aucoeurdemanature.com\/?tribe_events=initiation-et-decouverte-du-portage\",\"name\":\"Initiation et d\u00e9couverte du portage - Au coeur de ma nature\",\"isPartOf\":{\"@id\":\"http:\/\/aucoeurdemanature.com\/#website\"},\"datePublished\":\"2023-11-14T15:18:18+00:00\",\"breadcrumb\":{\"@id\":\"http:\/\/aucoeurdemanature.com\/?tribe_events=initiation-et-decouverte-du-portage#breadcrumb\"},\"inLanguage\":\"fr-FR\",\"potentialAction\":[{\"@type\":\"ReadAction\",\"target\":[\"http:\/\/aucoeurdemanature.com\/?tribe_events=initiation-et-decouverte-du-portage\"]}]},{\"@type\":\"BreadcrumbList\",\"@id\":\"http:\/\/aucoeurdemanature.com\/?tribe_events=initiation-et-decouverte-du-portage#breadcrumb\",\"itemListElement\":[{\"@type\":\"ListItem\",\"position\":1,\"name\":\"Accueil\",\"item\":\"http:\/\/aucoeurdemanature.com\/\"},{\"@type\":\"ListItem\",\"position\":2,\"name\":\"\u00c9v\u00e8nements\",\"item\":\"http:\/\/aucoeurdemanature.com\/?post_type=tribe_events\"},{\"@type\":\"ListItem\",\"position\":3,\"name\":\"Initiation et d\u00e9couverte du portage\"}]},{\"@type\":\"WebSite\",\"@id\":\"http:\/\/aucoeurdemanature.com\/#website\",\"url\":\"http:\/\/aucoeurdemanature.com\/\",\"name\":\"Au coeur de ma nature\",\"description\":\"Au coeur de ma nature - Psychologue en p\u00e9rinatalit\u00e9, atelier parentalit\u00e9, et soins  - Yonne 89\",\"publisher\":{\"@id\":\"http:\/\/aucoeurdemanature.com\/#organization\"},\"potentialAction\":[{\"@type\":\"SearchAction\",\"target\":{\"@type\":\"EntryPoint\",\"urlTemplate\":\"http:\/\/aucoeurdemanature.com\/?s={search_term_string}\"},\"query-input\":{\"@type\":\"PropertyValueSpecification\",\"valueRequired\":true,\"valueName\":\"search_term_string\"}}],\"inLanguage\":\"fr-FR\"},{\"@type\":\"Organization\",\"@id\":\"http:\/\/aucoeurdemanature.com\/#organization\",\"name\":\"Au coeur de ma nature\",\"url\":\"http:\/\/aucoeurdemanature.com\/\",\"logo\":{\"@type\":\"ImageObject\",\"inLanguage\":\"fr-FR\",\"@id\":\"http:\/\/aucoeurdemanature.com\/#\/schema\/logo\/image\/\",\"url\":\"http:\/\/aucoeurdemanature.com\/wp-content\/uploads\/2019\/09\/Image-1-770x1024.jpg\",\"contentUrl\":\"http:\/\/aucoeurdemanature.com\/wp-content\/uploads\/2019\/09\/Image-1-770x1024.jpg\",\"width\":770,\"height\":1024,\"caption\":\"Au coeur de ma nature\"},\"image\":{\"@id\":\"http:\/\/aucoeurdemanature.com\/#\/schema\/logo\/image\/\"},\"sameAs\":[\"https:\/\/www.facebook.com\/Aucoeurdemanature\",\"https:\/\/www.instagram.com\/aucoeurdemanature\/?hl=fr\"]}]}<\/script>\n<!-- \/ Yoast SEO plugin. -->","yoast_head_json":{"title":"Initiation et d\u00e9couverte du portage - Au coeur de ma nature","robots":{"index":"index","follow":"follow","max-snippet":"max-snippet:-1","max-image-preview":"max-image-preview:large","max-video-preview":"max-video-preview:-1"},"canonical":"http:\/\/aucoeurdemanature.com\/?tribe_events=initiation-et-decouverte-du-portage","og_locale":"fr_FR","og_type":"article","og_title":"Initiation et d\u00e9couverte du portage - Au coeur de ma nature","og_description":"Venez participer \u00e0 un atelier collectif pour d\u00e9couvrir : le portage physiologique, les consignes de s\u00e9curit\u00e9, les diff\u00e9rents moyens de portage qui existent pour porter b\u00e9b\u00e9&#8230; L&rsquo;occasion de partager un convivial et d&rsquo;\u00e9changer avec d&rsquo;autres parents. Tarif : 35\u20ac pour une personne &#8211; 45 \u20ac par couple Inscriptions https:\/\/calendly.com\/&#8230;\/atelier-collectif-portage&#8230; N&rsquo;h\u00e9sitez pas \u00e0 ramener votre moyen de portage si vous en poss\u00e9dez un.","og_url":"http:\/\/aucoeurdemanature.com\/?tribe_events=initiation-et-decouverte-du-portage","og_site_name":"Au coeur de ma nature","article_publisher":"https:\/\/www.facebook.com\/Aucoeurdemanature","twitter_card":"summary_large_image","twitter_misc":{"Dur\u00e9e de lecture estim\u00e9e":"1 minute"},"schema":{"@context":"https:\/\/schema.org","@graph":[{"@type":"WebPage","@id":"http:\/\/aucoeurdemanature.com\/?tribe_events=initiation-et-decouverte-du-portage","url":"http:\/\/aucoeurdemanature.com\/?tribe_events=initiation-et-decouverte-du-portage","name":"Initiation et d\u00e9couverte du portage - Au coeur de ma nature","isPartOf":{"@id":"http:\/\/aucoeurdemanature.com\/#website"},"datePublished":"2023-11-14T15:18:18+00:00","breadcrumb":{"@id":"http:\/\/aucoeurdemanature.com\/?tribe_events=initiation-et-decouverte-du-portage#breadcrumb"},"inLanguage":"fr-FR","potentialAction":[{"@type":"ReadAction","target":["http:\/\/aucoeurdemanature.com\/?tribe_events=initiation-et-decouverte-du-portage"]}]},{"@type":"BreadcrumbList","@id":"http:\/\/aucoeurdemanature.com\/?tribe_events=initiation-et-decouverte-du-portage#breadcrumb","itemListElement":[{"@type":"ListItem","position":1,"name":"Accueil","item":"http:\/\/aucoeurdemanature.com\/"},{"@type":"ListItem","position":2,"name":"\u00c9v\u00e8nements","item":"http:\/\/aucoeurdemanature.com\/?post_type=tribe_events"},{"@type":"ListItem","position":3,"name":"Initiation et d\u00e9couverte du portage"}]},{"@type":"WebSite","@id":"http:\/\/aucoeurdemanature.com\/#website","url":"http:\/\/aucoeurdemanature.com\/","name":"Au coeur de ma nature","description":"Au coeur de ma nature - Psychologue en p\u00e9rinatalit\u00e9, atelier parentalit\u00e9, et soins  - Yonne 89","publisher":{"@id":"http:\/\/aucoeurdemanature.com\/#organization"},"potentialAction":[{"@type":"SearchAction","target":{"@type":"EntryPoint","urlTemplate":"http:\/\/aucoeurdemanature.com\/?s={search_term_string}"},"query-input":{"@type":"PropertyValueSpecification","valueRequired":true,"valueName":"search_term_string"}}],"inLanguage":"fr-FR"},{"@type":"Organization","@id":"http:\/\/aucoeurdemanature.com\/#organization","name":"Au coeur de ma nature","url":"http:\/\/aucoeurdemanature.com\/","logo":{"@type":"ImageObject","inLanguage":"fr-FR","@id":"http:\/\/aucoeurdemanature.com\/#\/schema\/logo\/image\/","url":"http:\/\/aucoeurdemanature.com\/wp-content\/uploads\/2019\/09\/Image-1-770x1024.jpg","contentUrl":"http:\/\/aucoeurdemanature.com\/wp-content\/uploads\/2019\/09\/Image-1-770x1024.jpg","width":770,"height":1024,"caption":"Au coeur de ma nature"},"image":{"@id":"http:\/\/aucoeurdemanature.com\/#\/schema\/logo\/image\/"},"sameAs":["https:\/\/www.facebook.com\/Aucoeurdemanature","https:\/\/www.instagram.com\/aucoeurdemanature\/?hl=fr"]}]}},"_links":{"self":[{"href":"https:\/\/aucoeurdemanature.com\/index.php?rest_route=\/wp\/v2\/tribe_events\/4089","targetHints":{"allow":["GET"]}}],"collection":[{"href":"https:\/\/aucoeurdemanature.com\/index.php?rest_route=\/wp\/v2\/tribe_events"}],"about":[{"href":"https:\/\/aucoeurdemanature.com\/index.php?rest_route=\/wp\/v2\/types\/tribe_events"}],"author":[{"embeddable":true,"href":"https:\/\/aucoeurdemanature.com\/index.php?rest_route=\/wp\/v2\/users\/1"}],"version-history":[{"count":1,"href":"https:\/\/aucoeurdemanature.com\/index.php?rest_route=\/wp\/v2\/tribe_events\/4089\/revisions"}],"predecessor-version":[{"id":4090,"href":"https:\/\/aucoeurdemanature.com\/index.php?rest_route=\/wp\/v2\/tribe_events\/4089\/revisions\/4090"}],"wp:attachment":[{"href":"https:\/\/aucoeurdemanature.com\/index.php?rest_route=%2Fwp%2Fv2%2Fmedia&parent=4089"}],"wp:term":[{"taxonomy":"post_tag","embeddable":true,"href":"https:\/\/aucoeurdemanature.com\/index.php?rest_route=%2Fwp%2Fv2%2Ftags&post=4089"},{"taxonomy":"tribe_events_cat","embeddable":true,"href":"https:\/\/aucoeurdemanature.com\/index.php?rest_route=%2Fwp%2Fv2%2Ftribe_events_cat&post=4089"}],"curies":[{"name":"wp","href":"https:\/\/api.w.org\/{rel}","templated":true}]}}

Initiation et découverte du portage

<div class="x11i5rnm xat24cr x1mh8g0r x1vvkbs xtlvy1s">Venez participer à un atelier collectif pour découvrir : le portage physiologique, les consignes de sécurité, les différents moyens de portage qui existent pour porter bébé&#8230;<br />
L&rsquo;occasion de partager un convivial et d&rsquo;échanger avec d&rsquo;autres parents.</div>
<div class="x11i5rnm xat24cr x1mh8g0r x1vvkbs xtlvy1s">Tarif : 35€ pour une personne &#8211; 45 € par couple<br />
Inscriptions<br />
<a class="x1i10hfl xjbqb8w x6umtig x1b1mbwd xaqea5y xav7gou x9f619 x1ypdohk xt0psk2 xe8uvvx xdj266r x11i5rnm xat24cr x1mh8g0r xexx8yu x4uap5 x18d9i69 xkhd6sd x16tdsg8 x1hl2dhg xggy1nq x1a2a7pz xt0b8zv x1fey0fg" tabindex="0" role="link" href="https://l.facebook.com/l.php?u=https%3A%2F%2Fcalendly.com%2Fsandrinetonnellier%2Fatelier-collectif-portage-initiation-et-decouverte%3Ffbclid%3DIwAR1LVxEyZz4zv0wGydThzC1Kz4PpZFjw3jzRmGDs3faqnyVznzI74T86hLo&amp;h=AT0-I8oke7vmDAFu5Jfj-Rz6GH7zKFLmSu4yOYFi2-lOoKWGiIchgtmZwkOyRmlMEMCLT8RUqvHmF21W4WuLvR8UJM2Qfd7dVJVq_gdxvCUGuiIO3oBx4eITnfZZL4LSXguDiHNQ8SscTAGBiQ51joA&amp;__tn__=q&amp;c[0]=AT3eU2ZcUgs9HkFJkohaLDeY4wlI7nD4TnU53Uaid_kBgavWunEbUtTPhyZlJefE920zJKZ_5Bp9G_BbQCC8iKjLOo7jvheRiMk5qe-nbCNO4K5hqIZ-GMdG1Q7Oa1jrAaT-oYSgjm0r7qVx-hZaQL6sPDjQ" target="_blank" rel="nofollow noopener noreferrer">https://calendly.com/&#8230;/atelier-collectif-portage&#8230;</a></div>
<div class="x11i5rnm xat24cr x1mh8g0r x1vvkbs xtlvy1s">N&rsquo;hésitez pas à ramener votre moyen de portage si vous en possédez un.</div>

<p>Venez participer à un atelier collectif pour découvrir : le portage physiologique, les consignes de sécurité, les différents moyens de portage qui existent pour porter bébé&#8230; L&rsquo;occasion de partager un convivial et d&rsquo;échanger avec d&rsquo;autres parents. Tarif : 35€ pour une personne &#8211; 45 € par couple Inscriptions https://calendly.com/&#8230;/atelier-collectif-portage&#8230; N&rsquo;hésitez pas à ramener votre moyen de portage si vous en possédez un.</p>

<!-- This site is optimized with the Yoast SEO plugin v27.2 - https://yoast.com/product/yoast-seo-wordpress/ -->
<title>Initiation et découverte du portage - Au coeur de ma nature</title>
<meta name="robots" content="index, follow, max-snippet:-1, max-image-preview:large, max-video-preview:-1" />
<link rel="canonical" href="http://aucoeurdemanature.com/?tribe_events=initiation-et-decouverte-du-portage" />
<meta property="og:locale" content="fr_FR" />
<meta property="og:type" content="article" />
<meta property="og:title" content="Initiation et découverte du portage - Au coeur de ma nature" />
<meta property="og:description" content="Venez participer à un atelier collectif pour découvrir : le portage physiologique, les consignes de sécurité, les différents moyens de portage qui existent pour porter bébé&#8230; L&rsquo;occasion de partager un convivial et d&rsquo;échanger avec d&rsquo;autres parents. Tarif : 35€ pour une personne &#8211; 45 € par couple Inscriptions https://calendly.com/&#8230;/atelier-collectif-portage&#8230; N&rsquo;hésitez pas à ramener votre moyen de portage si vous en possédez un." />
<meta property="og:url" content="http://aucoeurdemanature.com/?tribe_events=initiation-et-decouverte-du-portage" />
<meta property="og:site_name" content="Au coeur de ma nature" />
<meta property="article:publisher" content="https://www.facebook.com/Aucoeurdemanature" />
<meta name="twitter:card" content="summary_large_image" />
<meta name="twitter:label1" content="Durée de lecture estimée" />
	<meta name="twitter:data1" content="1 minute" />
<script type="application/ld+json" class="yoast-schema-graph">{"@context":"https://schema.org","@graph":[{"@type":"WebPage","@id":"http://aucoeurdemanature.com/?tribe_events=initiation-et-decouverte-du-portage","url":"http://aucoeurdemanature.com/?tribe_events=initiation-et-decouverte-du-portage","name":"Initiation et découverte du portage - Au coeur de ma nature","isPartOf":{"@id":"http://aucoeurdemanature.com/#website"},"datePublished":"2023-11-14T15:18:18+00:00","breadcrumb":{"@id":"http://aucoeurdemanature.com/?tribe_events=initiation-et-decouverte-du-portage#breadcrumb"},"inLanguage":"fr-FR","potentialAction":[{"@type":"ReadAction","target":["http://aucoeurdemanature.com/?tribe_events=initiation-et-decouverte-du-portage"]}]},{"@type":"BreadcrumbList","@id":"http://aucoeurdemanature.com/?tribe_events=initiation-et-decouverte-du-portage#breadcrumb","itemListElement":[{"@type":"ListItem","position":1,"name":"Accueil","item":"http://aucoeurdemanature.com/"},{"@type":"ListItem","position":2,"name":"Évènements","item":"http://aucoeurdemanature.com/?post_type=tribe_events"},{"@type":"ListItem","position":3,"name":"Initiation et découverte du portage"}]},{"@type":"WebSite","@id":"http://aucoeurdemanature.com/#website","url":"http://aucoeurdemanature.com/","name":"Au coeur de ma nature","description":"Au coeur de ma nature - Psychologue en périnatalité, atelier parentalité, et soins  - Yonne 89","publisher":{"@id":"http://aucoeurdemanature.com/#organization"},"potentialAction":[{"@type":"SearchAction","target":{"@type":"EntryPoint","urlTemplate":"http://aucoeurdemanature.com/?s={search_term_string}"},"query-input":{"@type":"PropertyValueSpecification","valueRequired":true,"valueName":"search_term_string"}}],"inLanguage":"fr-FR"},{"@type":"Organization","@id":"http://aucoeurdemanature.com/#organization","name":"Au coeur de ma nature","url":"http://aucoeurdemanature.com/","logo":{"@type":"ImageObject","inLanguage":"fr-FR","@id":"http://aucoeurdemanature.com/#/schema/logo/image/","url":"http://aucoeurdemanature.com/wp-content/uploads/2019/09/Image-1-770x1024.jpg","contentUrl":"http://aucoeurdemanature.com/wp-content/uploads/2019/09/Image-1-770x1024.jpg","width":770,"height":1024,"caption":"Au coeur de ma nature"},"image":{"@id":"http://aucoeurdemanature.com/#/schema/logo/image/"},"sameAs":["https://www.facebook.com/Aucoeurdemanature","https://www.instagram.com/aucoeurdemanature/?hl=fr"]}]}</script>
<!-- / Yoast SEO plugin. -->

Initiation et découverte du portage - Au coeur de ma nature

Venez participer à un atelier collectif pour découvrir : le portage physiologique, les consignes de sécurité, les différents moyens de portage qui existent pour porter bébé&#8230; L&rsquo;occasion de partager un convivial et d&rsquo;échanger avec d&rsquo;autres parents. Tarif : 35€ pour une personne &#8211; 45 € par couple Inscriptions https://calendly.com/&#8230;/atelier-collectif-portage&#8230; N&rsquo;hésitez pas à ramener votre moyen de portage si vous en possédez un.

Évènements

Au coeur de ma nature - Psychologue en périnatalité, atelier parentalité, et soins  - Yonne 89
