{"id":4096,"date":"2023-12-05T18:23:27","date_gmt":"2023-12-05T17:23:27","guid":{"rendered":"http:\/\/aucoeurdemanature.com\/?post_type=tribe_events&#038;p=4096"},"modified":"2023-12-05T18:24:19","modified_gmt":"2023-12-05T17:24:19","slug":"atelier-collectif-massage-soulager-les-maux-de-bebe","status":"publish","type":"tribe_events","link":"https:\/\/aucoeurdemanature.com\/?tribe_events=atelier-collectif-massage-soulager-les-maux-de-bebe","title":{"rendered":"Atelier collectif massage soulager les maux de b\u00e9b\u00e9"},"content":{"rendered":"<div class=\"x11i5rnm xat24cr x1mh8g0r x1vvkbs xtlvy1s\">Atelier pour apprendre \u00e0 soulager les maux de b\u00e9b\u00e9 tels que la constipation, les coliques, les petits rhumes, les conjonctivites, les maux de dents \u2026pour les b\u00e9b\u00e9s de 0 \u00e0 18 mois.<\/div>\n<div class=\"x11i5rnm xat24cr x1mh8g0r x1vvkbs xtlvy1s\">Soulager les maux de ventre<br \/>\nSoulager les petits rhumes<br \/>\nSoulager les douleurs dentaires<\/div>\n<div class=\"x11i5rnm xat24cr x1mh8g0r x1vvkbs xtlvy1s\">Tarif : 25 \u20ac par famille<\/div>\n<div class=\"x11i5rnm xat24cr x1mh8g0r x1vvkbs xtlvy1s\"><\/div>\n<div class=\"x11i5rnm xat24cr x1mh8g0r x1vvkbs xtlvy1s\">Inscription\u00a0<a class=\"x1i10hfl xjbqb8w x6umtig x1b1mbwd xaqea5y xav7gou x9f619 x1ypdohk xt0psk2 xe8uvvx xdj266r x11i5rnm xat24cr x1mh8g0r xexx8yu x4uap5 x18d9i69 xkhd6sd x16tdsg8 x1hl2dhg xggy1nq x1a2a7pz xt0b8zv x1fey0fg\" tabindex=\"0\" role=\"link\" href=\"https:\/\/l.facebook.com\/l.php?u=https%3A%2F%2Fcalendly.com%2Fsandrinetonnellier%2Fcollectif-massage-soulagerlesmaux%3Ffbclid%3DIwAR3rWIV9tsmJF8JN9kOIJlCH2oIFDh49RODCopWzk59vfBI9TGWUpfcpUGw&amp;h=AT36U7n9_hj75DERApXrW0HjBAm8bfRC1Bs8G82oHOtJIv7zQg2MXvNJ8LzmNNsdspJFViYe_bA52VLZUh3I6LBsN2t0y8xGeSWIYgWm5jzl0Svg124sfCzFpTGBcUF5ZatgToAXXzFTTIWsUAgAWLTTiA&amp;__tn__=q&amp;c[0]=AT2Gjyxz9CY6QCxeR1SdiiGYmin19H_W7u9RyUlLvWtkQnpqdLB-NicwrZv2cXdzRtbNvHXcjZgbTVkna6BDAQEy0mhnJp7tT8e-0h5gLcP39cojuxnqoG75Uv4S-FqJz-36igvqIYrgMd-sR7uYnb8BHBds\" target=\"_blank\" rel=\"nofollow noopener noreferrer\">https:\/\/calendly.com\/&#8230;\/collectif-massage-soulagerlesmaux<\/a><\/div>\n","protected":false},"excerpt":{"rendered":"<p>Atelier pour apprendre \u00e0 soulager les maux de b\u00e9b\u00e9 tels que la constipation, les coliques, les petits rhumes, les conjonctivites, les maux de dents \u2026pour les b\u00e9b\u00e9s de 0 \u00e0 18 mois. Soulager les maux de ventre Soulager les petits rhumes Soulager les douleurs dentaires Tarif : 25 \u20ac par famille Inscription\u00a0https:\/\/calendly.com\/&#8230;\/collectif-massage-soulagerlesmaux<\/p>\n","protected":false},"author":1,"featured_media":0,"template":"","meta":{"_tribe_events_status":"","_tribe_events_status_reason":"","footnotes":""},"tags":[],"tribe_events_cat":[],"class_list":["post-4096","tribe_events","type-tribe_events","status-publish","hentry"],"yoast_head":"<!-- This site is optimized with the Yoast SEO plugin v27.2 - https:\/\/yoast.com\/product\/yoast-seo-wordpress\/ -->\n<title>Atelier collectif massage soulager les maux de b\u00e9b\u00e9 - Au coeur de ma nature<\/title>\n<meta name=\"description\" content=\"Un atelier pour apprendre des mouvements de massage afin de soulager les maux de son b\u00e9b\u00e9\" \/>\n<meta name=\"robots\" content=\"index, follow, max-snippet:-1, max-image-preview:large, max-video-preview:-1\" \/>\n<link rel=\"canonical\" href=\"https:\/\/aucoeurdemanature.com\/?tribe_events=atelier-collectif-massage-soulager-les-maux-de-bebe\" \/>\n<meta property=\"og:locale\" content=\"fr_FR\" \/>\n<meta property=\"og:type\" content=\"article\" \/>\n<meta property=\"og:title\" content=\"Atelier collectif massage soulager les maux de b\u00e9b\u00e9 - Au coeur de ma nature\" \/>\n<meta property=\"og:description\" content=\"Un atelier pour apprendre des mouvements de massage afin de soulager les maux de son b\u00e9b\u00e9\" \/>\n<meta property=\"og:url\" content=\"https:\/\/aucoeurdemanature.com\/?tribe_events=atelier-collectif-massage-soulager-les-maux-de-bebe\" \/>\n<meta property=\"og:site_name\" content=\"Au coeur de ma nature\" \/>\n<meta property=\"article:publisher\" content=\"https:\/\/www.facebook.com\/Aucoeurdemanature\" \/>\n<meta property=\"article:modified_time\" content=\"2023-12-05T17:24:19+00:00\" \/>\n<meta name=\"twitter:card\" content=\"summary_large_image\" \/>\n<meta name=\"twitter:label1\" content=\"Dur\u00e9e de lecture estim\u00e9e\" \/>\n\t<meta name=\"twitter:data1\" content=\"1 minute\" \/>\n<script type=\"application\/ld+json\" class=\"yoast-schema-graph\">{\"@context\":\"https:\/\/schema.org\",\"@graph\":[{\"@type\":\"WebPage\",\"@id\":\"https:\/\/aucoeurdemanature.com\/?tribe_events=atelier-collectif-massage-soulager-les-maux-de-bebe\",\"url\":\"https:\/\/aucoeurdemanature.com\/?tribe_events=atelier-collectif-massage-soulager-les-maux-de-bebe\",\"name\":\"Atelier collectif massage soulager les maux de b\u00e9b\u00e9 - Au coeur de ma nature\",\"isPartOf\":{\"@id\":\"http:\/\/aucoeurdemanature.com\/#website\"},\"datePublished\":\"2023-12-05T17:23:27+00:00\",\"dateModified\":\"2023-12-05T17:24:19+00:00\",\"description\":\"Un atelier pour apprendre des mouvements de massage afin de soulager les maux de son b\u00e9b\u00e9\",\"breadcrumb\":{\"@id\":\"https:\/\/aucoeurdemanature.com\/?tribe_events=atelier-collectif-massage-soulager-les-maux-de-bebe#breadcrumb\"},\"inLanguage\":\"fr-FR\",\"potentialAction\":[{\"@type\":\"ReadAction\",\"target\":[\"https:\/\/aucoeurdemanature.com\/?tribe_events=atelier-collectif-massage-soulager-les-maux-de-bebe\"]}]},{\"@type\":\"BreadcrumbList\",\"@id\":\"https:\/\/aucoeurdemanature.com\/?tribe_events=atelier-collectif-massage-soulager-les-maux-de-bebe#breadcrumb\",\"itemListElement\":[{\"@type\":\"ListItem\",\"position\":1,\"name\":\"Accueil\",\"item\":\"http:\/\/aucoeurdemanature.com\/\"},{\"@type\":\"ListItem\",\"position\":2,\"name\":\"\u00c9v\u00e8nements\",\"item\":\"http:\/\/aucoeurdemanature.com\/?post_type=tribe_events\"},{\"@type\":\"ListItem\",\"position\":3,\"name\":\"Atelier collectif massage soulager les maux de b\u00e9b\u00e9\"}]},{\"@type\":\"WebSite\",\"@id\":\"http:\/\/aucoeurdemanature.com\/#website\",\"url\":\"http:\/\/aucoeurdemanature.com\/\",\"name\":\"Au coeur de ma nature\",\"description\":\"Au coeur de ma nature - Psychologue en p\u00e9rinatalit\u00e9, atelier parentalit\u00e9, et soins  - Yonne 89\",\"publisher\":{\"@id\":\"http:\/\/aucoeurdemanature.com\/#organization\"},\"potentialAction\":[{\"@type\":\"SearchAction\",\"target\":{\"@type\":\"EntryPoint\",\"urlTemplate\":\"http:\/\/aucoeurdemanature.com\/?s={search_term_string}\"},\"query-input\":{\"@type\":\"PropertyValueSpecification\",\"valueRequired\":true,\"valueName\":\"search_term_string\"}}],\"inLanguage\":\"fr-FR\"},{\"@type\":\"Organization\",\"@id\":\"http:\/\/aucoeurdemanature.com\/#organization\",\"name\":\"Au coeur de ma nature\",\"url\":\"http:\/\/aucoeurdemanature.com\/\",\"logo\":{\"@type\":\"ImageObject\",\"inLanguage\":\"fr-FR\",\"@id\":\"http:\/\/aucoeurdemanature.com\/#\/schema\/logo\/image\/\",\"url\":\"http:\/\/aucoeurdemanature.com\/wp-content\/uploads\/2019\/09\/Image-1-770x1024.jpg\",\"contentUrl\":\"http:\/\/aucoeurdemanature.com\/wp-content\/uploads\/2019\/09\/Image-1-770x1024.jpg\",\"width\":770,\"height\":1024,\"caption\":\"Au coeur de ma nature\"},\"image\":{\"@id\":\"http:\/\/aucoeurdemanature.com\/#\/schema\/logo\/image\/\"},\"sameAs\":[\"https:\/\/www.facebook.com\/Aucoeurdemanature\",\"https:\/\/www.instagram.com\/aucoeurdemanature\/?hl=fr\"]}]}<\/script>\n<!-- \/ Yoast SEO plugin. -->","yoast_head_json":{"title":"Atelier collectif massage soulager les maux de b\u00e9b\u00e9 - Au coeur de ma nature","description":"Un atelier pour apprendre des mouvements de massage afin de soulager les maux de son b\u00e9b\u00e9","robots":{"index":"index","follow":"follow","max-snippet":"max-snippet:-1","max-image-preview":"max-image-preview:large","max-video-preview":"max-video-preview:-1"},"canonical":"https:\/\/aucoeurdemanature.com\/?tribe_events=atelier-collectif-massage-soulager-les-maux-de-bebe","og_locale":"fr_FR","og_type":"article","og_title":"Atelier collectif massage soulager les maux de b\u00e9b\u00e9 - Au coeur de ma nature","og_description":"Un atelier pour apprendre des mouvements de massage afin de soulager les maux de son b\u00e9b\u00e9","og_url":"https:\/\/aucoeurdemanature.com\/?tribe_events=atelier-collectif-massage-soulager-les-maux-de-bebe","og_site_name":"Au coeur de ma nature","article_publisher":"https:\/\/www.facebook.com\/Aucoeurdemanature","article_modified_time":"2023-12-05T17:24:19+00:00","twitter_card":"summary_large_image","twitter_misc":{"Dur\u00e9e de lecture estim\u00e9e":"1 minute"},"schema":{"@context":"https:\/\/schema.org","@graph":[{"@type":"WebPage","@id":"https:\/\/aucoeurdemanature.com\/?tribe_events=atelier-collectif-massage-soulager-les-maux-de-bebe","url":"https:\/\/aucoeurdemanature.com\/?tribe_events=atelier-collectif-massage-soulager-les-maux-de-bebe","name":"Atelier collectif massage soulager les maux de b\u00e9b\u00e9 - Au coeur de ma nature","isPartOf":{"@id":"http:\/\/aucoeurdemanature.com\/#website"},"datePublished":"2023-12-05T17:23:27+00:00","dateModified":"2023-12-05T17:24:19+00:00","description":"Un atelier pour apprendre des mouvements de massage afin de soulager les maux de son b\u00e9b\u00e9","breadcrumb":{"@id":"https:\/\/aucoeurdemanature.com\/?tribe_events=atelier-collectif-massage-soulager-les-maux-de-bebe#breadcrumb"},"inLanguage":"fr-FR","potentialAction":[{"@type":"ReadAction","target":["https:\/\/aucoeurdemanature.com\/?tribe_events=atelier-collectif-massage-soulager-les-maux-de-bebe"]}]},{"@type":"BreadcrumbList","@id":"https:\/\/aucoeurdemanature.com\/?tribe_events=atelier-collectif-massage-soulager-les-maux-de-bebe#breadcrumb","itemListElement":[{"@type":"ListItem","position":1,"name":"Accueil","item":"http:\/\/aucoeurdemanature.com\/"},{"@type":"ListItem","position":2,"name":"\u00c9v\u00e8nements","item":"http:\/\/aucoeurdemanature.com\/?post_type=tribe_events"},{"@type":"ListItem","position":3,"name":"Atelier collectif massage soulager les maux de b\u00e9b\u00e9"}]},{"@type":"WebSite","@id":"http:\/\/aucoeurdemanature.com\/#website","url":"http:\/\/aucoeurdemanature.com\/","name":"Au coeur de ma nature","description":"Au coeur de ma nature - Psychologue en p\u00e9rinatalit\u00e9, atelier parentalit\u00e9, et soins  - Yonne 89","publisher":{"@id":"http:\/\/aucoeurdemanature.com\/#organization"},"potentialAction":[{"@type":"SearchAction","target":{"@type":"EntryPoint","urlTemplate":"http:\/\/aucoeurdemanature.com\/?s={search_term_string}"},"query-input":{"@type":"PropertyValueSpecification","valueRequired":true,"valueName":"search_term_string"}}],"inLanguage":"fr-FR"},{"@type":"Organization","@id":"http:\/\/aucoeurdemanature.com\/#organization","name":"Au coeur de ma nature","url":"http:\/\/aucoeurdemanature.com\/","logo":{"@type":"ImageObject","inLanguage":"fr-FR","@id":"http:\/\/aucoeurdemanature.com\/#\/schema\/logo\/image\/","url":"http:\/\/aucoeurdemanature.com\/wp-content\/uploads\/2019\/09\/Image-1-770x1024.jpg","contentUrl":"http:\/\/aucoeurdemanature.com\/wp-content\/uploads\/2019\/09\/Image-1-770x1024.jpg","width":770,"height":1024,"caption":"Au coeur de ma nature"},"image":{"@id":"http:\/\/aucoeurdemanature.com\/#\/schema\/logo\/image\/"},"sameAs":["https:\/\/www.facebook.com\/Aucoeurdemanature","https:\/\/www.instagram.com\/aucoeurdemanature\/?hl=fr"]}]}},"_links":{"self":[{"href":"https:\/\/aucoeurdemanature.com\/index.php?rest_route=\/wp\/v2\/tribe_events\/4096","targetHints":{"allow":["GET"]}}],"collection":[{"href":"https:\/\/aucoeurdemanature.com\/index.php?rest_route=\/wp\/v2\/tribe_events"}],"about":[{"href":"https:\/\/aucoeurdemanature.com\/index.php?rest_route=\/wp\/v2\/types\/tribe_events"}],"author":[{"embeddable":true,"href":"https:\/\/aucoeurdemanature.com\/index.php?rest_route=\/wp\/v2\/users\/1"}],"version-history":[{"count":1,"href":"https:\/\/aucoeurdemanature.com\/index.php?rest_route=\/wp\/v2\/tribe_events\/4096\/revisions"}],"predecessor-version":[{"id":4097,"href":"https:\/\/aucoeurdemanature.com\/index.php?rest_route=\/wp\/v2\/tribe_events\/4096\/revisions\/4097"}],"wp:attachment":[{"href":"https:\/\/aucoeurdemanature.com\/index.php?rest_route=%2Fwp%2Fv2%2Fmedia&parent=4096"}],"wp:term":[{"taxonomy":"post_tag","embeddable":true,"href":"https:\/\/aucoeurdemanature.com\/index.php?rest_route=%2Fwp%2Fv2%2Ftags&post=4096"},{"taxonomy":"tribe_events_cat","embeddable":true,"href":"https:\/\/aucoeurdemanature.com\/index.php?rest_route=%2Fwp%2Fv2%2Ftribe_events_cat&post=4096"}],"curies":[{"name":"wp","href":"https:\/\/api.w.org\/{rel}","templated":true}]}}

Atelier collectif massage soulager les maux de bébé

<div class="x11i5rnm xat24cr x1mh8g0r x1vvkbs xtlvy1s">Atelier pour apprendre à soulager les maux de bébé tels que la constipation, les coliques, les petits rhumes, les conjonctivites, les maux de dents …pour les bébés de 0 à 18 mois.</div>
<div class="x11i5rnm xat24cr x1mh8g0r x1vvkbs xtlvy1s">Soulager les maux de ventre<br />
Soulager les petits rhumes<br />
Soulager les douleurs dentaires</div>
<div class="x11i5rnm xat24cr x1mh8g0r x1vvkbs xtlvy1s">Tarif : 25 € par famille</div>
<div class="x11i5rnm xat24cr x1mh8g0r x1vvkbs xtlvy1s"></div>
<div class="x11i5rnm xat24cr x1mh8g0r x1vvkbs xtlvy1s">Inscription <a class="x1i10hfl xjbqb8w x6umtig x1b1mbwd xaqea5y xav7gou x9f619 x1ypdohk xt0psk2 xe8uvvx xdj266r x11i5rnm xat24cr x1mh8g0r xexx8yu x4uap5 x18d9i69 xkhd6sd x16tdsg8 x1hl2dhg xggy1nq x1a2a7pz xt0b8zv x1fey0fg" tabindex="0" role="link" href="https://l.facebook.com/l.php?u=https%3A%2F%2Fcalendly.com%2Fsandrinetonnellier%2Fcollectif-massage-soulagerlesmaux%3Ffbclid%3DIwAR3rWIV9tsmJF8JN9kOIJlCH2oIFDh49RODCopWzk59vfBI9TGWUpfcpUGw&amp;h=AT36U7n9_hj75DERApXrW0HjBAm8bfRC1Bs8G82oHOtJIv7zQg2MXvNJ8LzmNNsdspJFViYe_bA52VLZUh3I6LBsN2t0y8xGeSWIYgWm5jzl0Svg124sfCzFpTGBcUF5ZatgToAXXzFTTIWsUAgAWLTTiA&amp;__tn__=q&amp;c[0]=AT2Gjyxz9CY6QCxeR1SdiiGYmin19H_W7u9RyUlLvWtkQnpqdLB-NicwrZv2cXdzRtbNvHXcjZgbTVkna6BDAQEy0mhnJp7tT8e-0h5gLcP39cojuxnqoG75Uv4S-FqJz-36igvqIYrgMd-sR7uYnb8BHBds" target="_blank" rel="nofollow noopener noreferrer">https://calendly.com/&#8230;/collectif-massage-soulagerlesmaux</a></div>

<p>Atelier pour apprendre à soulager les maux de bébé tels que la constipation, les coliques, les petits rhumes, les conjonctivites, les maux de dents …pour les bébés de 0 à 18 mois. Soulager les maux de ventre Soulager les petits rhumes Soulager les douleurs dentaires Tarif : 25 € par famille Inscription https://calendly.com/&#8230;/collectif-massage-soulagerlesmaux</p>

<!-- This site is optimized with the Yoast SEO plugin v27.2 - https://yoast.com/product/yoast-seo-wordpress/ -->
<title>Atelier collectif massage soulager les maux de bébé - Au coeur de ma nature</title>
<meta name="description" content="Un atelier pour apprendre des mouvements de massage afin de soulager les maux de son bébé" />
<meta name="robots" content="index, follow, max-snippet:-1, max-image-preview:large, max-video-preview:-1" />
<link rel="canonical" href="https://aucoeurdemanature.com/?tribe_events=atelier-collectif-massage-soulager-les-maux-de-bebe" />
<meta property="og:locale" content="fr_FR" />
<meta property="og:type" content="article" />
<meta property="og:title" content="Atelier collectif massage soulager les maux de bébé - Au coeur de ma nature" />
<meta property="og:description" content="Un atelier pour apprendre des mouvements de massage afin de soulager les maux de son bébé" />
<meta property="og:url" content="https://aucoeurdemanature.com/?tribe_events=atelier-collectif-massage-soulager-les-maux-de-bebe" />
<meta property="og:site_name" content="Au coeur de ma nature" />
<meta property="article:publisher" content="https://www.facebook.com/Aucoeurdemanature" />
<meta property="article:modified_time" content="2023-12-05T17:24:19+00:00" />
<meta name="twitter:card" content="summary_large_image" />
<meta name="twitter:label1" content="Durée de lecture estimée" />
	<meta name="twitter:data1" content="1 minute" />
<script type="application/ld+json" class="yoast-schema-graph">{"@context":"https://schema.org","@graph":[{"@type":"WebPage","@id":"https://aucoeurdemanature.com/?tribe_events=atelier-collectif-massage-soulager-les-maux-de-bebe","url":"https://aucoeurdemanature.com/?tribe_events=atelier-collectif-massage-soulager-les-maux-de-bebe","name":"Atelier collectif massage soulager les maux de bébé - Au coeur de ma nature","isPartOf":{"@id":"http://aucoeurdemanature.com/#website"},"datePublished":"2023-12-05T17:23:27+00:00","dateModified":"2023-12-05T17:24:19+00:00","description":"Un atelier pour apprendre des mouvements de massage afin de soulager les maux de son bébé","breadcrumb":{"@id":"https://aucoeurdemanature.com/?tribe_events=atelier-collectif-massage-soulager-les-maux-de-bebe#breadcrumb"},"inLanguage":"fr-FR","potentialAction":[{"@type":"ReadAction","target":["https://aucoeurdemanature.com/?tribe_events=atelier-collectif-massage-soulager-les-maux-de-bebe"]}]},{"@type":"BreadcrumbList","@id":"https://aucoeurdemanature.com/?tribe_events=atelier-collectif-massage-soulager-les-maux-de-bebe#breadcrumb","itemListElement":[{"@type":"ListItem","position":1,"name":"Accueil","item":"http://aucoeurdemanature.com/"},{"@type":"ListItem","position":2,"name":"Évènements","item":"http://aucoeurdemanature.com/?post_type=tribe_events"},{"@type":"ListItem","position":3,"name":"Atelier collectif massage soulager les maux de bébé"}]},{"@type":"WebSite","@id":"http://aucoeurdemanature.com/#website","url":"http://aucoeurdemanature.com/","name":"Au coeur de ma nature","description":"Au coeur de ma nature - Psychologue en périnatalité, atelier parentalité, et soins  - Yonne 89","publisher":{"@id":"http://aucoeurdemanature.com/#organization"},"potentialAction":[{"@type":"SearchAction","target":{"@type":"EntryPoint","urlTemplate":"http://aucoeurdemanature.com/?s={search_term_string}"},"query-input":{"@type":"PropertyValueSpecification","valueRequired":true,"valueName":"search_term_string"}}],"inLanguage":"fr-FR"},{"@type":"Organization","@id":"http://aucoeurdemanature.com/#organization","name":"Au coeur de ma nature","url":"http://aucoeurdemanature.com/","logo":{"@type":"ImageObject","inLanguage":"fr-FR","@id":"http://aucoeurdemanature.com/#/schema/logo/image/","url":"http://aucoeurdemanature.com/wp-content/uploads/2019/09/Image-1-770x1024.jpg","contentUrl":"http://aucoeurdemanature.com/wp-content/uploads/2019/09/Image-1-770x1024.jpg","width":770,"height":1024,"caption":"Au coeur de ma nature"},"image":{"@id":"http://aucoeurdemanature.com/#/schema/logo/image/"},"sameAs":["https://www.facebook.com/Aucoeurdemanature","https://www.instagram.com/aucoeurdemanature/?hl=fr"]}]}</script>
<!-- / Yoast SEO plugin. -->

Atelier collectif massage soulager les maux de bébé - Au coeur de ma nature

Un atelier pour apprendre des mouvements de massage afin de soulager les maux de son bébé

Évènements

Au coeur de ma nature - Psychologue en périnatalité, atelier parentalité, et soins  - Yonne 89
