{"id":4098,"date":"2023-12-05T18:27:26","date_gmt":"2023-12-05T17:27:26","guid":{"rendered":"http:\/\/aucoeurdemanature.com\/?post_type=tribe_events&#038;p=4098"},"modified":"2023-12-05T18:28:26","modified_gmt":"2023-12-05T17:28:26","slug":"atelier-collectif-initiation-signes-avec-bebe","status":"publish","type":"tribe_events","link":"https:\/\/aucoeurdemanature.com\/?tribe_events=atelier-collectif-initiation-signes-avec-bebe","title":{"rendered":"Atelier collectif : Initiation signes avec b\u00e9b\u00e9"},"content":{"rendered":"<p>D\u00e9couvrir l\u2019outil, Int\u00e9r\u00eat pour le b\u00e9b\u00e9 et le parent<br \/>\nComment mettre en place les signes associ\u00e9s \u00e0 la parole \u00e0 la maison<br \/>\nLes premiers signes : les besoins du quotidien de b\u00e9b\u00e9.<br \/>\nApprentissage d\u2019une comptine sign\u00e9e et lecture d\u2019un livre enrichi de signes<br \/>\nPlaces limit\u00e9es, inscription sur le lien suivant https:\/\/calendly.com\/sandrinetonnellier\/atelier-collectif-initiation-signes<br \/>\nTarif : 25\u20ac par famille<\/p>\n","protected":false},"excerpt":{"rendered":"<p>D\u00e9couvrir l\u2019outil, Int\u00e9r\u00eat pour le b\u00e9b\u00e9 et le parent Comment mettre en place les signes associ\u00e9s \u00e0 la parole \u00e0 la maison Les premiers signes : les besoins du quotidien de b\u00e9b\u00e9. Apprentissage d\u2019une comptine sign\u00e9e et lecture d\u2019un livre enrichi de signes Places limit\u00e9es, inscription sur le lien suivant https:\/\/calendly.com\/sandrinetonnellier\/atelier-collectif-initiation-signes Tarif : 25\u20ac par famille<\/p>\n","protected":false},"author":1,"featured_media":0,"template":"","meta":{"_tribe_events_status":"","_tribe_events_status_reason":"","footnotes":""},"tags":[],"tribe_events_cat":[],"class_list":["post-4098","tribe_events","type-tribe_events","status-publish","hentry"],"yoast_head":"<!-- This site is optimized with the Yoast SEO plugin v27.2 - https:\/\/yoast.com\/product\/yoast-seo-wordpress\/ -->\n<title>Atelier collectif : Initiation signes avec b\u00e9b\u00e9 - Au coeur de ma nature<\/title>\n<meta name=\"description\" content=\"D\u00e9couvrir l\u2019outil signes avec b\u00e9b\u00e9. Comment mettre en place les signes \u00e0 la maison e apprendre les premiers signes du quotidien.\" \/>\n<meta name=\"robots\" content=\"index, follow, max-snippet:-1, max-image-preview:large, max-video-preview:-1\" \/>\n<link rel=\"canonical\" href=\"https:\/\/aucoeurdemanature.com\/?tribe_events=atelier-collectif-initiation-signes-avec-bebe\" \/>\n<meta property=\"og:locale\" content=\"fr_FR\" \/>\n<meta property=\"og:type\" content=\"article\" \/>\n<meta property=\"og:title\" content=\"Atelier collectif : Initiation signes avec b\u00e9b\u00e9 - Au coeur de ma nature\" \/>\n<meta property=\"og:description\" content=\"D\u00e9couvrir l\u2019outil signes avec b\u00e9b\u00e9. Comment mettre en place les signes \u00e0 la maison e apprendre les premiers signes du quotidien.\" \/>\n<meta property=\"og:url\" content=\"https:\/\/aucoeurdemanature.com\/?tribe_events=atelier-collectif-initiation-signes-avec-bebe\" \/>\n<meta property=\"og:site_name\" content=\"Au coeur de ma nature\" \/>\n<meta property=\"article:publisher\" content=\"https:\/\/www.facebook.com\/Aucoeurdemanature\" \/>\n<meta property=\"article:modified_time\" content=\"2023-12-05T17:28:26+00:00\" \/>\n<meta name=\"twitter:card\" content=\"summary_large_image\" \/>\n<meta name=\"twitter:label1\" content=\"Dur\u00e9e de lecture estim\u00e9e\" \/>\n\t<meta name=\"twitter:data1\" content=\"1 minute\" \/>\n<script type=\"application\/ld+json\" class=\"yoast-schema-graph\">{\"@context\":\"https:\/\/schema.org\",\"@graph\":[{\"@type\":\"WebPage\",\"@id\":\"https:\/\/aucoeurdemanature.com\/?tribe_events=atelier-collectif-initiation-signes-avec-bebe\",\"url\":\"https:\/\/aucoeurdemanature.com\/?tribe_events=atelier-collectif-initiation-signes-avec-bebe\",\"name\":\"Atelier collectif : Initiation signes avec b\u00e9b\u00e9 - Au coeur de ma nature\",\"isPartOf\":{\"@id\":\"http:\/\/aucoeurdemanature.com\/#website\"},\"datePublished\":\"2023-12-05T17:27:26+00:00\",\"dateModified\":\"2023-12-05T17:28:26+00:00\",\"description\":\"D\u00e9couvrir l\u2019outil signes avec b\u00e9b\u00e9. Comment mettre en place les signes \u00e0 la maison e apprendre les premiers signes du quotidien.\",\"breadcrumb\":{\"@id\":\"https:\/\/aucoeurdemanature.com\/?tribe_events=atelier-collectif-initiation-signes-avec-bebe#breadcrumb\"},\"inLanguage\":\"fr-FR\",\"potentialAction\":[{\"@type\":\"ReadAction\",\"target\":[\"https:\/\/aucoeurdemanature.com\/?tribe_events=atelier-collectif-initiation-signes-avec-bebe\"]}]},{\"@type\":\"BreadcrumbList\",\"@id\":\"https:\/\/aucoeurdemanature.com\/?tribe_events=atelier-collectif-initiation-signes-avec-bebe#breadcrumb\",\"itemListElement\":[{\"@type\":\"ListItem\",\"position\":1,\"name\":\"Accueil\",\"item\":\"http:\/\/aucoeurdemanature.com\/\"},{\"@type\":\"ListItem\",\"position\":2,\"name\":\"\u00c9v\u00e8nements\",\"item\":\"http:\/\/aucoeurdemanature.com\/?post_type=tribe_events\"},{\"@type\":\"ListItem\",\"position\":3,\"name\":\"Atelier collectif : Initiation signes avec b\u00e9b\u00e9\"}]},{\"@type\":\"WebSite\",\"@id\":\"http:\/\/aucoeurdemanature.com\/#website\",\"url\":\"http:\/\/aucoeurdemanature.com\/\",\"name\":\"Au coeur de ma nature\",\"description\":\"Au coeur de ma nature - Psychologue en p\u00e9rinatalit\u00e9, atelier parentalit\u00e9, et soins  - Yonne 89\",\"publisher\":{\"@id\":\"http:\/\/aucoeurdemanature.com\/#organization\"},\"potentialAction\":[{\"@type\":\"SearchAction\",\"target\":{\"@type\":\"EntryPoint\",\"urlTemplate\":\"http:\/\/aucoeurdemanature.com\/?s={search_term_string}\"},\"query-input\":{\"@type\":\"PropertyValueSpecification\",\"valueRequired\":true,\"valueName\":\"search_term_string\"}}],\"inLanguage\":\"fr-FR\"},{\"@type\":\"Organization\",\"@id\":\"http:\/\/aucoeurdemanature.com\/#organization\",\"name\":\"Au coeur de ma nature\",\"url\":\"http:\/\/aucoeurdemanature.com\/\",\"logo\":{\"@type\":\"ImageObject\",\"inLanguage\":\"fr-FR\",\"@id\":\"http:\/\/aucoeurdemanature.com\/#\/schema\/logo\/image\/\",\"url\":\"http:\/\/aucoeurdemanature.com\/wp-content\/uploads\/2019\/09\/Image-1-770x1024.jpg\",\"contentUrl\":\"http:\/\/aucoeurdemanature.com\/wp-content\/uploads\/2019\/09\/Image-1-770x1024.jpg\",\"width\":770,\"height\":1024,\"caption\":\"Au coeur de ma nature\"},\"image\":{\"@id\":\"http:\/\/aucoeurdemanature.com\/#\/schema\/logo\/image\/\"},\"sameAs\":[\"https:\/\/www.facebook.com\/Aucoeurdemanature\",\"https:\/\/www.instagram.com\/aucoeurdemanature\/?hl=fr\"]}]}<\/script>\n<!-- \/ Yoast SEO plugin. -->","yoast_head_json":{"title":"Atelier collectif : Initiation signes avec b\u00e9b\u00e9 - Au coeur de ma nature","description":"D\u00e9couvrir l\u2019outil signes avec b\u00e9b\u00e9. Comment mettre en place les signes \u00e0 la maison e apprendre les premiers signes du quotidien.","robots":{"index":"index","follow":"follow","max-snippet":"max-snippet:-1","max-image-preview":"max-image-preview:large","max-video-preview":"max-video-preview:-1"},"canonical":"https:\/\/aucoeurdemanature.com\/?tribe_events=atelier-collectif-initiation-signes-avec-bebe","og_locale":"fr_FR","og_type":"article","og_title":"Atelier collectif : Initiation signes avec b\u00e9b\u00e9 - Au coeur de ma nature","og_description":"D\u00e9couvrir l\u2019outil signes avec b\u00e9b\u00e9. Comment mettre en place les signes \u00e0 la maison e apprendre les premiers signes du quotidien.","og_url":"https:\/\/aucoeurdemanature.com\/?tribe_events=atelier-collectif-initiation-signes-avec-bebe","og_site_name":"Au coeur de ma nature","article_publisher":"https:\/\/www.facebook.com\/Aucoeurdemanature","article_modified_time":"2023-12-05T17:28:26+00:00","twitter_card":"summary_large_image","twitter_misc":{"Dur\u00e9e de lecture estim\u00e9e":"1 minute"},"schema":{"@context":"https:\/\/schema.org","@graph":[{"@type":"WebPage","@id":"https:\/\/aucoeurdemanature.com\/?tribe_events=atelier-collectif-initiation-signes-avec-bebe","url":"https:\/\/aucoeurdemanature.com\/?tribe_events=atelier-collectif-initiation-signes-avec-bebe","name":"Atelier collectif : Initiation signes avec b\u00e9b\u00e9 - Au coeur de ma nature","isPartOf":{"@id":"http:\/\/aucoeurdemanature.com\/#website"},"datePublished":"2023-12-05T17:27:26+00:00","dateModified":"2023-12-05T17:28:26+00:00","description":"D\u00e9couvrir l\u2019outil signes avec b\u00e9b\u00e9. Comment mettre en place les signes \u00e0 la maison e apprendre les premiers signes du quotidien.","breadcrumb":{"@id":"https:\/\/aucoeurdemanature.com\/?tribe_events=atelier-collectif-initiation-signes-avec-bebe#breadcrumb"},"inLanguage":"fr-FR","potentialAction":[{"@type":"ReadAction","target":["https:\/\/aucoeurdemanature.com\/?tribe_events=atelier-collectif-initiation-signes-avec-bebe"]}]},{"@type":"BreadcrumbList","@id":"https:\/\/aucoeurdemanature.com\/?tribe_events=atelier-collectif-initiation-signes-avec-bebe#breadcrumb","itemListElement":[{"@type":"ListItem","position":1,"name":"Accueil","item":"http:\/\/aucoeurdemanature.com\/"},{"@type":"ListItem","position":2,"name":"\u00c9v\u00e8nements","item":"http:\/\/aucoeurdemanature.com\/?post_type=tribe_events"},{"@type":"ListItem","position":3,"name":"Atelier collectif : Initiation signes avec b\u00e9b\u00e9"}]},{"@type":"WebSite","@id":"http:\/\/aucoeurdemanature.com\/#website","url":"http:\/\/aucoeurdemanature.com\/","name":"Au coeur de ma nature","description":"Au coeur de ma nature - Psychologue en p\u00e9rinatalit\u00e9, atelier parentalit\u00e9, et soins  - Yonne 89","publisher":{"@id":"http:\/\/aucoeurdemanature.com\/#organization"},"potentialAction":[{"@type":"SearchAction","target":{"@type":"EntryPoint","urlTemplate":"http:\/\/aucoeurdemanature.com\/?s={search_term_string}"},"query-input":{"@type":"PropertyValueSpecification","valueRequired":true,"valueName":"search_term_string"}}],"inLanguage":"fr-FR"},{"@type":"Organization","@id":"http:\/\/aucoeurdemanature.com\/#organization","name":"Au coeur de ma nature","url":"http:\/\/aucoeurdemanature.com\/","logo":{"@type":"ImageObject","inLanguage":"fr-FR","@id":"http:\/\/aucoeurdemanature.com\/#\/schema\/logo\/image\/","url":"http:\/\/aucoeurdemanature.com\/wp-content\/uploads\/2019\/09\/Image-1-770x1024.jpg","contentUrl":"http:\/\/aucoeurdemanature.com\/wp-content\/uploads\/2019\/09\/Image-1-770x1024.jpg","width":770,"height":1024,"caption":"Au coeur de ma nature"},"image":{"@id":"http:\/\/aucoeurdemanature.com\/#\/schema\/logo\/image\/"},"sameAs":["https:\/\/www.facebook.com\/Aucoeurdemanature","https:\/\/www.instagram.com\/aucoeurdemanature\/?hl=fr"]}]}},"_links":{"self":[{"href":"https:\/\/aucoeurdemanature.com\/index.php?rest_route=\/wp\/v2\/tribe_events\/4098","targetHints":{"allow":["GET"]}}],"collection":[{"href":"https:\/\/aucoeurdemanature.com\/index.php?rest_route=\/wp\/v2\/tribe_events"}],"about":[{"href":"https:\/\/aucoeurdemanature.com\/index.php?rest_route=\/wp\/v2\/types\/tribe_events"}],"author":[{"embeddable":true,"href":"https:\/\/aucoeurdemanature.com\/index.php?rest_route=\/wp\/v2\/users\/1"}],"version-history":[{"count":2,"href":"https:\/\/aucoeurdemanature.com\/index.php?rest_route=\/wp\/v2\/tribe_events\/4098\/revisions"}],"predecessor-version":[{"id":4100,"href":"https:\/\/aucoeurdemanature.com\/index.php?rest_route=\/wp\/v2\/tribe_events\/4098\/revisions\/4100"}],"wp:attachment":[{"href":"https:\/\/aucoeurdemanature.com\/index.php?rest_route=%2Fwp%2Fv2%2Fmedia&parent=4098"}],"wp:term":[{"taxonomy":"post_tag","embeddable":true,"href":"https:\/\/aucoeurdemanature.com\/index.php?rest_route=%2Fwp%2Fv2%2Ftags&post=4098"},{"taxonomy":"tribe_events_cat","embeddable":true,"href":"https:\/\/aucoeurdemanature.com\/index.php?rest_route=%2Fwp%2Fv2%2Ftribe_events_cat&post=4098"}],"curies":[{"name":"wp","href":"https:\/\/api.w.org\/{rel}","templated":true}]}}

Atelier collectif : Initiation signes avec bébé

<p>Découvrir l’outil, Intérêt pour le bébé et le parent<br />
Comment mettre en place les signes associés à la parole à la maison<br />
Les premiers signes : les besoins du quotidien de bébé.<br />
Apprentissage d’une comptine signée et lecture d’un livre enrichi de signes<br />
Places limitées, inscription sur le lien suivant https://calendly.com/sandrinetonnellier/atelier-collectif-initiation-signes<br />
Tarif : 25€ par famille</p>

<p>Découvrir l’outil, Intérêt pour le bébé et le parent Comment mettre en place les signes associés à la parole à la maison Les premiers signes : les besoins du quotidien de bébé. Apprentissage d’une comptine signée et lecture d’un livre enrichi de signes Places limitées, inscription sur le lien suivant https://calendly.com/sandrinetonnellier/atelier-collectif-initiation-signes Tarif : 25€ par famille</p>

<!-- This site is optimized with the Yoast SEO plugin v27.2 - https://yoast.com/product/yoast-seo-wordpress/ -->
<title>Atelier collectif : Initiation signes avec bébé - Au coeur de ma nature</title>
<meta name="description" content="Découvrir l’outil signes avec bébé. Comment mettre en place les signes à la maison e apprendre les premiers signes du quotidien." />
<meta name="robots" content="index, follow, max-snippet:-1, max-image-preview:large, max-video-preview:-1" />
<link rel="canonical" href="https://aucoeurdemanature.com/?tribe_events=atelier-collectif-initiation-signes-avec-bebe" />
<meta property="og:locale" content="fr_FR" />
<meta property="og:type" content="article" />
<meta property="og:title" content="Atelier collectif : Initiation signes avec bébé - Au coeur de ma nature" />
<meta property="og:description" content="Découvrir l’outil signes avec bébé. Comment mettre en place les signes à la maison e apprendre les premiers signes du quotidien." />
<meta property="og:url" content="https://aucoeurdemanature.com/?tribe_events=atelier-collectif-initiation-signes-avec-bebe" />
<meta property="og:site_name" content="Au coeur de ma nature" />
<meta property="article:publisher" content="https://www.facebook.com/Aucoeurdemanature" />
<meta property="article:modified_time" content="2023-12-05T17:28:26+00:00" />
<meta name="twitter:card" content="summary_large_image" />
<meta name="twitter:label1" content="Durée de lecture estimée" />
	<meta name="twitter:data1" content="1 minute" />
<script type="application/ld+json" class="yoast-schema-graph">{"@context":"https://schema.org","@graph":[{"@type":"WebPage","@id":"https://aucoeurdemanature.com/?tribe_events=atelier-collectif-initiation-signes-avec-bebe","url":"https://aucoeurdemanature.com/?tribe_events=atelier-collectif-initiation-signes-avec-bebe","name":"Atelier collectif : Initiation signes avec bébé - Au coeur de ma nature","isPartOf":{"@id":"http://aucoeurdemanature.com/#website"},"datePublished":"2023-12-05T17:27:26+00:00","dateModified":"2023-12-05T17:28:26+00:00","description":"Découvrir l’outil signes avec bébé. Comment mettre en place les signes à la maison e apprendre les premiers signes du quotidien.","breadcrumb":{"@id":"https://aucoeurdemanature.com/?tribe_events=atelier-collectif-initiation-signes-avec-bebe#breadcrumb"},"inLanguage":"fr-FR","potentialAction":[{"@type":"ReadAction","target":["https://aucoeurdemanature.com/?tribe_events=atelier-collectif-initiation-signes-avec-bebe"]}]},{"@type":"BreadcrumbList","@id":"https://aucoeurdemanature.com/?tribe_events=atelier-collectif-initiation-signes-avec-bebe#breadcrumb","itemListElement":[{"@type":"ListItem","position":1,"name":"Accueil","item":"http://aucoeurdemanature.com/"},{"@type":"ListItem","position":2,"name":"Évènements","item":"http://aucoeurdemanature.com/?post_type=tribe_events"},{"@type":"ListItem","position":3,"name":"Atelier collectif : Initiation signes avec bébé"}]},{"@type":"WebSite","@id":"http://aucoeurdemanature.com/#website","url":"http://aucoeurdemanature.com/","name":"Au coeur de ma nature","description":"Au coeur de ma nature - Psychologue en périnatalité, atelier parentalité, et soins  - Yonne 89","publisher":{"@id":"http://aucoeurdemanature.com/#organization"},"potentialAction":[{"@type":"SearchAction","target":{"@type":"EntryPoint","urlTemplate":"http://aucoeurdemanature.com/?s={search_term_string}"},"query-input":{"@type":"PropertyValueSpecification","valueRequired":true,"valueName":"search_term_string"}}],"inLanguage":"fr-FR"},{"@type":"Organization","@id":"http://aucoeurdemanature.com/#organization","name":"Au coeur de ma nature","url":"http://aucoeurdemanature.com/","logo":{"@type":"ImageObject","inLanguage":"fr-FR","@id":"http://aucoeurdemanature.com/#/schema/logo/image/","url":"http://aucoeurdemanature.com/wp-content/uploads/2019/09/Image-1-770x1024.jpg","contentUrl":"http://aucoeurdemanature.com/wp-content/uploads/2019/09/Image-1-770x1024.jpg","width":770,"height":1024,"caption":"Au coeur de ma nature"},"image":{"@id":"http://aucoeurdemanature.com/#/schema/logo/image/"},"sameAs":["https://www.facebook.com/Aucoeurdemanature","https://www.instagram.com/aucoeurdemanature/?hl=fr"]}]}</script>
<!-- / Yoast SEO plugin. -->

Atelier collectif : Initiation signes avec bébé - Au coeur de ma nature

Découvrir l’outil signes avec bébé. Comment mettre en place les signes à la maison e apprendre les premiers signes du quotidien.

Évènements

Au coeur de ma nature - Psychologue en périnatalité, atelier parentalité, et soins  - Yonne 89
